Last updated on 2025-10-21 09:48:37 CEST.
Flavor | Version | Tinstall | Tcheck | Ttotal | Status | Flags |
---|---|---|---|---|---|---|
r-devel-linux-x86_64-debian-clang | 0.3.1 | 2.30 | 25.10 | 27.40 | NOTE | |
r-devel-linux-x86_64-debian-gcc | 0.3.1 | 1.90 | 20.36 | 22.26 | NOTE | |
r-devel-linux-x86_64-fedora-clang | 0.3.1 | 42.29 | OK | |||
r-devel-linux-x86_64-fedora-gcc | 0.3.1 | 40.60 | OK | |||
r-devel-windows-x86_64 | 0.3.1 | 4.00 | 42.00 | 46.00 | OK | |
r-patched-linux-x86_64 | 0.3.1 | 2.54 | 24.71 | 27.25 | OK | |
r-release-linux-x86_64 | 0.3.1 | 2.17 | 24.31 | 26.48 | OK | |
r-release-macos-arm64 | 0.3.1 | 28.00 | OK | |||
r-release-macos-x86_64 | 0.3.1 | 28.00 | OK | |||
r-release-windows-x86_64 | 0.3.1 | 4.00 | 45.00 | 49.00 | OK | |
r-oldrel-macos-arm64 | 0.3.1 | 16.00 | OK | |||
r-oldrel-macos-x86_64 | 0.3.1 | 23.00 | OK | |||
r-oldrel-windows-x86_64 | 0.3.1 | 4.00 | 49.00 | 53.00 | OK |
Version: 0.3.1
Check: CRAN incoming feasibility
Result: NOTE
Maintainer: ‘Hadley Wickham <h.wickham@gmail.com>’
No Authors@R field in DESCRIPTION.
Please add one, modifying
Authors@R: person(given = "Hadley",
family = "Wickham",
role = c("aut", "cre"),
email = "h.wickham@gmail.com")
as necessary.
Flavors: r-devel-linux-x86_64-debian-clang, r-devel-linux-x86_64-debian-gcc
Version: 0.3.1
Check: HTML version of manual
Result: NOTE
Found the following HTML validation problems:
coef.ensemble.html:53:1 (coef.ensemble.Rd:13): Warning: missing </ul> before </div>
findmodels.html:54:1 (findmodels.Rd:14): Warning: missing </ul> before </div>
lmboot.html:54:1 (lmboot.Rd:14): Warning: missing </ul> before </div>
new_ensemble.html:50:1 (new_ensemble.Rd:12): Warning: missing </ul> before </div>
summary.ensemble.html:53:1 (summary.ensemble.Rd:13): Warning: missing </ul> before </div>
summary.resid_ensemble.html:55:1 (summary.resid_ensemble.Rd:14): Warning: missing </ul> before </div>
summary.variable_ensemble.html:51:1 (summary.variable_ensemble.Rd:12): Warning: missing </ul> before </div>
Flavor: r-devel-linux-x86_64-debian-gcc