Last updated on 2025-10-21 09:48:37 CEST.
Flavor | Version | Tinstall | Tcheck | Ttotal | Status | Flags |
---|---|---|---|---|---|---|
r-devel-linux-x86_64-debian-clang | 1.1.0 | 37.28 | 309.28 | 346.56 | OK | |
r-devel-linux-x86_64-debian-gcc | 1.1.0 | 24.24 | 203.52 | 227.76 | NOTE | |
r-devel-linux-x86_64-fedora-clang | 1.1.0 | 565.60 | OK | |||
r-devel-linux-x86_64-fedora-gcc | 1.1.0 | 530.25 | OK | |||
r-devel-windows-x86_64 | 1.1.0 | 35.00 | 243.00 | 278.00 | OK | |
r-patched-linux-x86_64 | 1.1.0 | 34.96 | 291.08 | 326.04 | OK | |
r-release-linux-x86_64 | 1.1.0 | 31.68 | 294.67 | 326.35 | OK | |
r-release-macos-arm64 | 1.1.0 | 99.00 | OK | |||
r-release-macos-x86_64 | 1.1.0 | 182.00 | OK | |||
r-release-windows-x86_64 | 1.1.0 | 34.00 | 242.00 | 276.00 | OK | |
r-oldrel-macos-arm64 | 1.1.0 | 143.00 | NOTE | |||
r-oldrel-macos-x86_64 | 1.1.0 | 214.00 | NOTE | |||
r-oldrel-windows-x86_64 | 1.1.0 | 48.00 | 334.00 | 382.00 | OK |
Version: 1.1.0
Check: HTML version of manual
Result: NOTE
Found the following HTML validation problems:
MbgModelRunner.html:693:1 (MbgModelRunner.Rd:512): Warning: missing </ul> before </div>
MbgModelRunner.html:442:1 (MbgModelRunner.Rd:360): Warning: <h5> anchor "Usage" already defined
MbgModelRunner.html:458:1 (MbgModelRunner.Rd:370): Warning: <h5> anchor "Usage" already defined
MbgModelRunner.html:474:1 (MbgModelRunner.Rd:380): Warning: <h5> anchor "Usage" already defined
MbgModelRunner.html:480:1 (MbgModelRunner.Rd:384): Warning: <h5> anchor "Arguments" already defined
MbgModelRunner.html:508:1 (MbgModelRunner.Rd:402): Warning: <h5> anchor "Usage" already defined
MbgModelRunner.html:514:1 (MbgModelRunner.Rd:406): Warning: <h5> anchor "Arguments" already defined
MbgModelRunner.html:547:1 (MbgModelRunner.Rd:425): Warning: <h5> anchor "Usage" already defined
MbgModelRunner.html:553:1 (MbgModelRunner.Rd:429): Warning: <h5> anchor "Arguments" already defined
MbgModelRunner.html:579:1 (MbgModelRunner.Rd:445): Warning: <h5> anchor "Usage" already defined
MbgModelRunner.html:589:1 (MbgModelRunner.Rd:453): Warning: <h5> anchor "Arguments" already defined
MbgModelRunner.html:636:1 (MbgModelRunner.Rd:482): Warning: <h5> anchor "Returns" already defined
MbgModelRunner.html:670:1 (MbgModelRunner.Rd:501): Warning: <h5> anchor "Usage" already defined
MbgModelRunner.html:676:1 (MbgModelRunner.Rd:505): Warning: <h5> anchor "Arguments" already defined
Flavor: r-devel-linux-x86_64-debian-gcc
Version: 1.1.0
Check: package dependencies
Result: NOTE
Package suggested but not available for checking: ‘INLA’
Flavors: r-oldrel-macos-arm64, r-oldrel-macos-x86_64
Version: 1.1.0
Check: Rd cross-references
Result: NOTE
Package unavailable to check Rd xrefs: ‘INLA’
Flavors: r-oldrel-macos-arm64, r-oldrel-macos-x86_64