Last updated on 2025-10-21 09:48:37 CEST.
Flavor | Version | Tinstall | Tcheck | Ttotal | Status | Flags |
---|---|---|---|---|---|---|
r-devel-linux-x86_64-debian-clang | 1.1.9 | 189.37 | 89.18 | 278.55 | OK | |
r-devel-linux-x86_64-debian-gcc | 1.1.9 | 122.67 | 61.57 | 184.24 | NOTE | |
r-devel-linux-x86_64-fedora-clang | 1.1.9 | 521.07 | OK | |||
r-devel-linux-x86_64-fedora-gcc | 1.1.9 | 470.96 | OK | |||
r-devel-windows-x86_64 | 1.1.9 | 200.00 | 166.00 | 366.00 | OK | |
r-patched-linux-x86_64 | 1.1.9 | 186.89 | 82.57 | 269.46 | OK | |
r-release-linux-x86_64 | 1.1.9 | 186.64 | 82.74 | 269.38 | OK | |
r-release-macos-arm64 | 1.1.9 | 104.00 | OK | |||
r-release-macos-x86_64 | 1.1.9 | 140.00 | OK | |||
r-release-windows-x86_64 | 1.1.9 | 211.00 | 161.00 | 372.00 | OK | |
r-oldrel-macos-arm64 | 1.1.9 | 97.00 | NOTE | |||
r-oldrel-macos-x86_64 | 1.1.9 | 135.00 | NOTE | |||
r-oldrel-windows-x86_64 | 1.1.9 | 245.00 | 192.00 | 437.00 | OK |
Version: 1.1.9
Check: HTML version of manual
Result: NOTE
Found the following HTML validation problems:
EM_step_mPH_rc.html:64:1 (EM_step_mPH_rc.Rd:19): Warning: missing </ul> before </div>
EMstep_MoE_PADE.html:66:1 (EMstep_MoE_PADE.Rd:20): Warning: missing </ul> before </div>
EMstep_PADE.html:70:1 (EMstep_PADE.Rd:22): Warning: missing </ul> before </div>
EMstep_RK.html:70:1 (EMstep_RK.Rd:22): Warning: missing </ul> before </div>
EMstep_UNI.html:70:1 (EMstep_UNI.Rd:22): Warning: missing </ul> before </div>
EMstep_bivdph.html:66:1 (EMstep_bivdph.Rd:20): Warning: missing </ul> before </div>
EMstep_bivdph_MoE.html:66:1 (EMstep_bivdph_MoE.Rd:20): Warning: missing </ul> before </div>
EMstep_dph.html:58:1 (EMstep_dph.Rd:16): Warning: missing </ul> before </div>
EMstep_dph_MoE.html:58:1 (EMstep_dph_MoE.Rd:16): Warning: missing </ul> before </div>
EMstep_mdph.html:58:1 (EMstep_mdph.Rd:16): Warning: missing </ul> before </div>
EMstep_mdph_MoE.html:58:1 (EMstep_mdph_MoE.Rd:16): Warning: missing </ul> before </div>
Fisher.html:50:1 (Fisher.Rd:12): Warning: missing </ul> before </div>
MPHstar_EMstep_UNI.html:66:1 (MPHstar_EMstep_UNI.Rd:20): Warning: missing </ul> before </div>
a_rungekutta.html:58:1 (a_rungekutta.Rd:16): Warning: missing </ul> before </div>
evaluate.html:54:1 (evaluate.Rd:14): Warning: missing </ul> before </div>
expm_terms.html:54:1 (expm_terms.Rd:14): Warning: missing </ul> before </div>
logLikelihoodDPH.html:58:1 (logLikelihoodDPH.Rd:16): Warning: missing </ul> before </div>
logLikelihoodDPH_MoE.html:58:1 (logLikelihoodDPH_MoE.Rd:16): Warning: missing </ul> before </div>
logLikelihoodMGompertz_RK.html:74:1 (logLikelihoodMGompertz_RK.Rd:24): Warning: missing </ul> before </div>
logLikelihoodMLogLogistic_RK.html:74:1 (logLikelihoodMLogLogistic_RK.Rd:24): Warning: missing </ul> before </div>
logLikelihoodMLogNormal_RK.html:74:1 (logLikelihoodMLogNormal_RK.Rd:24): Warning: missing </ul> before </div>
logLikelihoodMPareto_RK.html:74:1 (logLikelihoodMPareto_RK.Rd:24): Warning: missing </ul> before </div>
logLikelihoodMWeibull_RK.html:74:1 (logLikelihoodMWeibull_RK.Rd:24): Warning: missing </ul> before </div>
logLikelihoodMgev_PADE.html:74:1 (logLikelihoodMgev_PADE.Rd:24): Warning: missing </ul> before </div>
logLikelihoodMgev_RK.html:74:1 (logLikelihoodMgev_RK.Rd:24): Warning: missing </ul> before </div>
logLikelihoodMgev_UNI.html:74:1 (logLikelihoodMgev_UNI.Rd:24): Warning: missing </ul> before </div>
logLikelihoodMgompertz_PADE.html:74:1 (logLikelihoodMgompertz_PADE.Rd:24): Warning: missing </ul> before </div>
logLikelihoodMgompertz_PADEs.html:93:1 (logLikelihoodMgompertz_PADEs.Rd:39): Warning: missing </ul> before </div>
logLikelihoodMgompertz_RKs.html:93:1 (logLikelihoodMgompertz_RKs.Rd:39): Warning: missing </ul> before </div>
logLikelihoodMgompertz_UNI.html:74:1 (logLikelihoodMgompertz_UNI.Rd:24): Warning: missing </ul> before </div>
logLikelihoodMgompertz_UNIs.html:93:1 (logLikelihoodMgompertz_UNIs.Rd:39): Warning: missing </ul> before </div>
logLikelihoodMloglogistic_PADE.html:74:1 (logLikelihoodMloglogistic_PADE.Rd:24): Warning: missing </ul> before </div>
logLikelihoodMloglogistic_PADEs.html:93:1 (logLikelihoodMloglogistic_PADEs.Rd:39): Warning: missing </ul> before </div>
logLikelihoodMloglogistic_RKs.html:93:1 (logLikelihoodMloglogistic_RKs.Rd:39): Warning: missing </ul> before </div>
logLikelihoodMloglogistic_UNI.html:74:1 (logLikelihoodMloglogistic_UNI.Rd:24): Warning: missing </ul> before </div>
logLikelihoodMloglogistic_UNIs.html:93:1 (logLikelihoodMloglogistic_UNIs.Rd:39): Warning: missing </ul> before </div>
logLikelihoodMlognormal_PADE.html:74:1 (logLikelihoodMlognormal_PADE.Rd:24): Warning: missing </ul> before </div>
logLikelihoodMlognormal_PADEs.html:93:1 (logLikelihoodMlognormal_PADEs.Rd:39): Warning: missing </ul> before </div>
logLikelihoodMlognormal_RKs.html:93:1 (logLikelihoodMlognormal_RKs.Rd:39): Warning: missing </ul> before </div>
logLikelihoodMlognormal_UNI.html:74:1 (logLikelihoodMlognormal_UNI.Rd:24): Warning: missing </ul> before </div>
logLikelihoodMlognormal_UNIs.html:93:1 (logLikelihoodMlognormal_UNIs.Rd:39): Warning: missing </ul> before </div>
logLikelihoodMpareto_PADE.html:74:1 (logLikelihoodMpareto_PADE.Rd:24): Warning: missing </ul> before </div>
logLikelihoodMpareto_PADEs.html:93:1 (logLikelihoodMpareto_PADEs.Rd:39): Warning: missing </ul> before </div>
logLikelihoodMpareto_RKs.html:93:1 (logLikelihoodMpareto_RKs.Rd:39): Warning: missing </ul> before </div>
logLikelihoodMpareto_UNI.html:74:1 (logLikelihoodMpareto_UNI.Rd:24): Warning: missing </ul> before </div>
logLikelihoodMpareto_UNIs.html:93:1 (logLikelihoodMpareto_UNIs.Rd:39): Warning: missing </ul> before </div>
logLikelihoodMweibull_PADE.html:74:1 (logLikelihoodMweibull_PADE.Rd:24): Warning: missing </ul> before </div>
logLikelihoodMweibull_PADEs.html:93:1 (logLikelihoodMweibull_PADEs.Rd:39): Warning: missing </ul> before </div>
logLikelihoodMweibull_RKs.html:93:1 (logLikelihoodMweibull_RKs.Rd:39): Warning: missing </ul> before </div>
logLikelihoodMweibull_UNI.html:74:1 (logLikelihoodMweibull_UNI.Rd:24): Warning: missing </ul> before </div>
logLikelihoodMweibull_UNIs.html:93:1 (logLikelihoodMweibull_UNIs.Rd:39): Warning: missing </ul> before </div>
logLikelihoodPH_MoE.html:70:1 (logLikelihoodPH_MoE.Rd:22): Warning: missing </ul> before </div>
logLikelihoodPH_PADE.html:70:1 (logLikelihoodPH_PADE.Rd:22): Warning: missing </ul> before </div>
logLikelihoodPH_PADEs.html:88:1 (logLikelihoodPH_PADEs.Rd:36): Warning: missing </ul> before </div>
logLikelihoodPH_RK.html:70:1 (logLikelihoodPH_RK.Rd:22): Warning: missing </ul> before </div>
logLikelihoodPH_RKs.html:78:1 (logLikelihoodPH_RKs.Rd:26): Warning: missing </ul> before </div>
logLikelihoodPH_UNI.html:70:1 (logLikelihoodPH_UNI.Rd:22): Warning: missing </ul> before </div>
logLikelihoodPH_UNIs.html:78:1 (logLikelihoodPH_UNIs.Rd:26): Warning: missing </ul> before </div>
logLikelihoodbivDPH.html:66:1 (logLikelihoodbivDPH.Rd:20): Warning: missing </ul> before </div>
logLikelihoodbivDPH_MoE.html:66:1 (logLikelihoodbivDPH_MoE.Rd:20): Warning: missing </ul> before </div>
logLikelihoodbivPH.html:66:1 (logLikelihoodbivPH.Rd:20): Warning: missing </ul> before </div>
logLikelihoodmDPH.html:58:1 (logLikelihoodmDPH.Rd:16): Warning: missing </ul> before </div>
logLikelihoodmDPH_MoE.html:58:1 (logLikelihoodmDPH_MoE.Rd:16): Warning: missing </ul> before </div>
m_exp_sum.html:58:1 (m_exp_sum.Rd:16): Warning: missing </ul> before </div>
revers_data_trans.html:55:1 (revers_data_trans.Rd:15): Warning: missing </ul> before </div>
runge_kutta.html:70:1 (runge_kutta.Rd:22): Warning: missing </ul> before </div>
show-MPHstar-method.html:47:1 (show-MPHstar-method.Rd:10): Warning: missing </ul> before </div>
show-bivdph-method.html:47:1 (show-bivdph-method.Rd:10): Warning: missing </ul> before </div>
show-biviph-method.html:47:1 (show-biviph-method.Rd:10): Warning: missing </ul> before </div>
show-bivph-method.html:47:1 (show-bivph-method.Rd:10): Warning: missing </ul> before </div>
show-dph-method.html:47:1 (show-dph-method.Rd:10): Warning: missing </ul> before </div>
show-iph-method.html:47:1 (show-iph-method.Rd:10): Warning: missing </ul> before </div>
show-mdph-method.html:47:1 (show-mdph-method.Rd:10): Warning: missing </ul> before </div>
show-miph-method.html:47:1 (show-miph-method.Rd:10): Warning: missing </ul> before </div>
show-mph-method.html:47:1 (show-mph-method.Rd:10): Warning: missing </ul> before </div>
show-ph-method.html:47:1 (show-ph-method.Rd:10): Warning: missing </ul> before </div>
show-sph-method.html:47:1 (show-sph-method.Rd:10): Warning: missing </ul> before </div>
sum_dph.html:60:1 (sum_dph.Rd:17): Warning: missing </ul> before </div>
sum_ph.html:60:1 (sum_ph.Rd:17): Warning: missing </ul> before </div>
vector_of_matrices.html:58:1 (vector_of_matrices.Rd:16): Warning: missing </ul> before </div>
vector_of_matrices_2.html:54:1 (vector_of_matrices_2.Rd:14): Warning: missing </ul> before </div>
vector_of_powers.html:50:1 (vector_of_powers.Rd:12): Warning: missing </ul> before </div>
Flavor: r-devel-linux-x86_64-debian-gcc
Version: 1.1.9
Check: installed package size
Result: NOTE
installed size is 14.1Mb
sub-directories of 1Mb or more:
libs 13.2Mb
Flavors: r-oldrel-macos-arm64, r-oldrel-macos-x86_64