Last updated on 2025-10-21 09:48:37 CEST.
Flavor | Version | Tinstall | Tcheck | Ttotal | Status | Flags |
---|---|---|---|---|---|---|
r-devel-linux-x86_64-debian-clang | 1.0.0 | 2.24 | 28.33 | 30.57 | OK | |
r-devel-linux-x86_64-debian-gcc | 1.0.0 | 1.81 | 23.01 | 24.82 | NOTE | |
r-devel-linux-x86_64-fedora-clang | 1.0.0 | 48.12 | OK | |||
r-devel-linux-x86_64-fedora-gcc | 1.0.0 | 44.47 | OK | |||
r-devel-windows-x86_64 | 1.0.0 | 3.00 | 47.00 | 50.00 | OK | |
r-patched-linux-x86_64 | 1.0.0 | 2.26 | 26.77 | 29.03 | OK | |
r-release-linux-x86_64 | 1.0.0 | 2.12 | 26.94 | 29.06 | OK | |
r-release-macos-arm64 | 1.0.0 | 19.00 | OK | |||
r-release-macos-x86_64 | 1.0.0 | 30.00 | OK | |||
r-release-windows-x86_64 | 1.0.0 | 3.00 | 48.00 | 51.00 | OK | |
r-oldrel-macos-arm64 | 1.0.0 | 17.00 | OK | |||
r-oldrel-macos-x86_64 | 1.0.0 | 27.00 | OK | |||
r-oldrel-windows-x86_64 | 1.0.0 | 5.00 | 54.00 | 59.00 | OK |
Version: 1.0.0
Check: HTML version of manual
Result: NOTE
Found the following HTML validation problems:
X2Fun.html:56:1 (X2Fun.Rd:14): Warning: missing </ul> before </div>
deltaSub.html:56:1 (deltaSub.Rd:14): Warning: missing </ul> before </div>
multiSub.html:56:1 (multiSub.Rd:14): Warning: missing </ul> before </div>
print.mst.html:51:1 (print.mst.Rd:12): Warning: missing </ul> before </div>
sigmaRhoFun.html:62:1 (sigmaRhoFun.Rd:18): Warning: missing </ul> before </div>
sigmaZFun.html:62:1 (sigmaZFun.Rd:18): Warning: missing </ul> before </div>
Flavor: r-devel-linux-x86_64-debian-gcc