Last updated on 2025-10-21 09:48:37 CEST.
Flavor | Version | Tinstall | Tcheck | Ttotal | Status | Flags |
---|---|---|---|---|---|---|
r-devel-linux-x86_64-debian-clang | 0.4.1 | 133.49 | 306.61 | 440.10 | OK | |
r-devel-linux-x86_64-debian-gcc | 0.4.1 | 97.48 | 219.27 | 316.75 | NOTE | |
r-devel-linux-x86_64-fedora-clang | 0.4.1 | 767.50 | OK | |||
r-devel-linux-x86_64-fedora-gcc | 0.4.1 | 714.85 | OK | |||
r-devel-windows-x86_64 | 0.4.1 | 152.00 | 316.00 | 468.00 | OK | |
r-patched-linux-x86_64 | 0.4.1 | 142.06 | 299.97 | 442.03 | OK | |
r-release-linux-x86_64 | 0.4.1 | 141.32 | 300.24 | 441.56 | OK | |
r-release-macos-arm64 | 0.4.1 | 276.00 | OK | |||
r-release-macos-x86_64 | 0.4.1 | 360.00 | OK | |||
r-release-windows-x86_64 | 0.4.1 | 152.00 | 306.00 | 458.00 | OK | |
r-oldrel-macos-arm64 | 0.4.1 | 40.00 | ERROR | |||
r-oldrel-macos-x86_64 | 0.4.1 | 198.00 | NOTE | |||
r-oldrel-windows-x86_64 | 0.4.1 | 183.00 | 399.00 | 582.00 | NOTE |
Version: 0.4.1
Check: HTML version of manual
Result: NOTE
Found the following HTML validation problems:
detect_info_par.html:46:1 (detect_info_par.Rd:10): Warning: missing </ul> before </div>
draw_phases.html:57:1 (draw_phases.Rd:17): Warning: missing </ul> before </div>
filter_missing_ind.html:54:1 (filter_missing_ind.Rd:14): Warning: missing </ul> before </div>
filter_missing_mrk.html:54:1 (filter_missing_mrk.Rd:14): Warning: missing </ul> before </div>
plot.mappoly.homoprob.html:86:1 (plot.mappoly.homoprob.Rd:37): Warning: missing </ul> before </div>
plot.mappoly.prefpair.profiles.html:87:1 (plot.mappoly.prefpair.profiles.Rd:36): Warning: missing </ul> before </div>
plot_mappoly.map2.html:46:1 (plot_mappoly.map2.Rd:10): Warning: missing </ul> before </div>
Flavor: r-devel-linux-x86_64-debian-gcc
Version: 0.4.1
Check: whether package can be installed
Result: ERROR
Installation failed.
Flavor: r-oldrel-macos-arm64
Version: 0.4.1
Check: installed package size
Result: NOTE
installed size is 12.5Mb
sub-directories of 1Mb or more:
R 2.8Mb
data 3.0Mb
libs 4.8Mb
Flavors: r-oldrel-macos-x86_64, r-oldrel-windows-x86_64
Version: 0.4.1
Check: for GNU extensions in Makefiles
Result: NOTE
GNU make is a SystemRequirements.
Flavors: r-oldrel-macos-x86_64, r-oldrel-windows-x86_64