Last updated on 2025-10-21 09:48:37 CEST.
Flavor | Version | Tinstall | Tcheck | Ttotal | Status | Flags |
---|---|---|---|---|---|---|
r-devel-linux-x86_64-debian-clang | 0.7.0 | 38.07 | 289.14 | 327.21 | OK | |
r-devel-linux-x86_64-debian-gcc | 0.7.0 | 25.34 | 184.78 | 210.12 | NOTE | |
r-devel-linux-x86_64-fedora-clang | 0.7.0 | 529.14 | OK | |||
r-devel-linux-x86_64-fedora-gcc | 0.7.0 | 481.32 | OK | |||
r-devel-windows-x86_64 | 0.7.0 | 32.00 | 220.00 | 252.00 | OK | |
r-patched-linux-x86_64 | 0.7.0 | 37.37 | 271.10 | 308.47 | OK | |
r-release-linux-x86_64 | 0.7.0 | 32.98 | 271.22 | 304.20 | OK | |
r-release-macos-arm64 | 0.7.0 | 93.00 | OK | |||
r-release-macos-x86_64 | 0.7.0 | 244.00 | OK | |||
r-release-windows-x86_64 | 0.7.0 | 36.00 | 234.00 | 270.00 | OK | |
r-oldrel-macos-arm64 | 0.7.0 | 120.00 | OK | |||
r-oldrel-macos-x86_64 | 0.7.0 | 265.00 | OK | |||
r-oldrel-windows-x86_64 | 0.7.0 | 47.00 | 304.00 | 351.00 | OK |
Version: 0.7.0
Check: HTML version of manual
Result: NOTE
Found the following HTML validation problems:
merge_add.html:57:1 (merge_add.Rd:16): Warning: missing </ul> before </div>
merge_delete.html:62:1 (merge_delete.Rd:21): Warning: missing </ul> before </div>
merge_edit.html:62:1 (merge_edit.Rd:21): Warning: missing </ul> before </div>
playback.html:46:1 (playback.Rd:10): Warning: missing </ul> before </div>
Flavor: r-devel-linux-x86_64-debian-gcc