Last updated on 2025-10-21 09:48:37 CEST.
Flavor | Version | Tinstall | Tcheck | Ttotal | Status | Flags |
---|---|---|---|---|---|---|
r-devel-linux-x86_64-debian-clang | 0.0.1 | 4.63 | 32.88 | 37.51 | OK | |
r-devel-linux-x86_64-debian-gcc | 0.0.1 | 2.66 | 26.19 | 28.85 | NOTE | |
r-devel-linux-x86_64-fedora-clang | 0.0.1 | 55.80 | NOTE | |||
r-devel-linux-x86_64-fedora-gcc | 0.0.1 | 100.95 | NOTE | |||
r-devel-windows-x86_64 | 0.0.1 | 13.00 | 57.00 | 70.00 | OK | |
r-patched-linux-x86_64 | 0.0.1 | 4.62 | 30.04 | 34.66 | OK | |
r-release-linux-x86_64 | 0.0.1 | 4.51 | 30.05 | 34.56 | OK | |
r-release-macos-arm64 | 0.0.1 | 43.00 | OK | |||
r-release-macos-x86_64 | 0.0.1 | 77.00 | OK | |||
r-release-windows-x86_64 | 0.0.1 | 12.00 | 56.00 | 68.00 | OK | |
r-oldrel-macos-arm64 | 0.0.1 | 33.00 | OK | |||
r-oldrel-macos-x86_64 | 0.0.1 | 65.00 | OK | |||
r-oldrel-windows-x86_64 | 0.0.1 | 16.00 | 66.00 | 82.00 | OK |
Version: 0.0.1
Check: HTML version of manual
Result: NOTE
Found the following HTML validation problems:
theme_mapcan.html:55:1 (theme_mapcan.Rd:15): Warning: missing </ul> before </div>
Flavor: r-devel-linux-x86_64-debian-gcc
Version: 0.0.1
Check: dependencies in R code
Result: NOTE
Namespace in Imports field not imported from: ‘dplyr’
All declared Imports should be used.
Flavors: r-devel-linux-x86_64-fedora-clang, r-devel-linux-x86_64-fedora-gcc