Last updated on 2025-10-21 09:48:37 CEST.
Flavor | Version | Tinstall | Tcheck | Ttotal | Status | Flags |
---|---|---|---|---|---|---|
r-devel-linux-x86_64-debian-clang | 0.4.0 | 2.29 | 31.35 | 33.64 | NOTE | |
r-devel-linux-x86_64-debian-gcc | 0.4.0 | 1.74 | 26.13 | 27.87 | NOTE | |
r-devel-linux-x86_64-fedora-clang | 0.4.0 | 50.66 | OK | |||
r-devel-linux-x86_64-fedora-gcc | 0.4.0 | 61.88 | OK | |||
r-devel-windows-x86_64 | 0.4.0 | 6.00 | 55.00 | 61.00 | OK | |
r-patched-linux-x86_64 | 0.4.0 | 2.54 | 29.14 | 31.68 | OK | |
r-release-linux-x86_64 | 0.4.0 | 1.96 | 29.39 | 31.35 | OK | |
r-release-macos-arm64 | 0.4.0 | 39.00 | OK | |||
r-release-macos-x86_64 | 0.4.0 | 55.00 | OK | |||
r-release-windows-x86_64 | 0.4.0 | 5.00 | 58.00 | 63.00 | OK | |
r-oldrel-macos-arm64 | 0.4.0 | 26.00 | OK | |||
r-oldrel-macos-x86_64 | 0.4.0 | 41.00 | OK | |||
r-oldrel-windows-x86_64 | 0.4.0 | 6.00 | 61.00 | 67.00 | OK |
Version: 0.4.0
Check: CRAN incoming feasibility
Result: NOTE
Maintainer: ‘Stefan Kuethe <crazycapivara@gmail.com>’
Found the following (possibly) invalid URLs:
URL: https://docs.mapbox.com/mapbox-gl-js/api/map/#map#fitbounds
From: man/fit_bounds.Rd
Message: Invalid URL: '#' not allowed in fragment
Flavors: r-devel-linux-x86_64-debian-clang, r-devel-linux-x86_64-debian-gcc
Version: 0.4.0
Check: HTML version of manual
Result: NOTE
Found the following HTML validation problems:
add_filter_control.html:68:1 (add_filter_control.Rd:22): Warning: missing </ul> before </div>
add_source.html:54:1 (add_source.Rd:14): Warning: missing </ul> before </div>
add_text_control.html:59:1 (add_text_control.Rd:17): Warning: missing </ul> before </div>
add_tooltips.html:55:1 (add_tooltips.Rd:15): Warning: missing </ul> before </div>
as_mapbox_source.html:71:1 (as_mapbox_source.Rd:29): Warning: missing </ul> before </div>
basemap_background_style.html:50:1 (basemap_background_style.Rd:12): Warning: missing </ul> before </div>
basemap_raster_style.html:51:1 (basemap_raster_style.Rd:13): Warning: missing </ul> before </div>
fit_bounds.html:55:1 (fit_bounds.Rd:15): Warning: missing </ul> before </div>
mapbox_source.html:52:1 (mapbox_source.Rd:14): Warning: missing </ul> before </div>
set_filter.html:54:1 (set_filter.Rd:14): Warning: missing </ul> before </div>
set_style.html:50:1 (set_style.Rd:12): Warning: missing </ul> before </div>
set_view_state.html:66:1 (set_view_state.Rd:20): Warning: missing </ul> before </div>
stamen_raster_tiles.html:46:1 (stamen_raster_tiles.Rd:10): Warning: missing </ul> before </div>
update_mapboxer.html:50:1 (update_mapboxer.Rd:12): Warning: missing </ul> before </div>
Flavor: r-devel-linux-x86_64-debian-gcc