Last updated on 2025-10-21 09:48:37 CEST.
Flavor | Version | Tinstall | Tcheck | Ttotal | Status | Flags |
---|---|---|---|---|---|---|
r-devel-linux-x86_64-debian-clang | 1.6.1 | 17.70 | 227.72 | 245.42 | OK | |
r-devel-linux-x86_64-debian-gcc | 1.6.1 | 10.96 | 151.60 | 162.56 | NOTE | |
r-devel-linux-x86_64-fedora-clang | 1.6.1 | 342.82 | OK | |||
r-devel-linux-x86_64-fedora-gcc | 1.6.1 | 393.68 | OK | |||
r-devel-windows-x86_64 | 1.6.1 | 20.00 | 234.00 | 254.00 | OK | |
r-patched-linux-x86_64 | 1.6.1 | 21.53 | 215.65 | 237.18 | OK | |
r-release-linux-x86_64 | 1.6.1 | 16.74 | 213.54 | 230.28 | OK | |
r-release-macos-arm64 | 1.6.1 | 86.00 | OK | |||
r-release-macos-x86_64 | 1.6.1 | 216.00 | OK | |||
r-release-windows-x86_64 | 1.6.1 | 26.00 | 234.00 | 260.00 | OK | |
r-oldrel-macos-arm64 | 1.6.1 | 90.00 | OK | |||
r-oldrel-macos-x86_64 | 1.6.1 | 210.00 | OK | |||
r-oldrel-windows-x86_64 | 1.6.1 | 27.00 | 283.00 | 310.00 | OK |
Version: 1.6.1
Check: HTML version of manual
Result: NOTE
Found the following HTML validation problems:
glossary.html:55:1 (glossary.Rd:20): Warning: missing </ul> before </div>
interface.html:77:1 (interface.Rd:46): Warning: missing </ul> before </div>
model_cluster.html:128:1 (model_cluster.Rd:72): Warning: missing </ul> before </div>
model_kselect.html:124:1 (model_kselect.Rd:63): Warning: missing </ul> before </div>
tutorials.html:62:1 (tutorials.Rd:14): Warning: missing </ul> before </div>
Flavor: r-devel-linux-x86_64-debian-gcc