Last updated on 2025-10-21 09:48:37 CEST.
Flavor | Version | Tinstall | Tcheck | Ttotal | Status | Flags |
---|---|---|---|---|---|---|
r-devel-linux-x86_64-debian-clang | 1.6.1 | 9.11 | 63.37 | 72.48 | OK | |
r-devel-linux-x86_64-debian-gcc | 1.6.1 | 5.84 | 45.77 | 51.61 | NOTE | |
r-devel-linux-x86_64-fedora-clang | 1.6.1 | 111.78 | OK | |||
r-devel-linux-x86_64-fedora-gcc | 1.6.1 | 116.93 | OK | |||
r-devel-windows-x86_64 | 1.6.1 | 10.00 | 80.00 | 90.00 | OK | |
r-patched-linux-x86_64 | 1.6.1 | 9.35 | 59.59 | 68.94 | OK | |
r-release-linux-x86_64 | 1.6.1 | 7.99 | 58.56 | 66.55 | OK | |
r-release-macos-arm64 | 1.6.1 | 77.00 | OK | |||
r-release-macos-x86_64 | 1.6.1 | 70.00 | OK | |||
r-release-windows-x86_64 | 1.6.1 | 12.00 | 79.00 | 91.00 | OK | |
r-oldrel-macos-arm64 | 1.6.1 | 48.00 | OK | |||
r-oldrel-macos-x86_64 | 1.6.1 | 76.00 | OK | |||
r-oldrel-windows-x86_64 | 1.6.1 | 13.00 | 96.00 | 109.00 | OK |
Version: 1.6.1
Check: HTML version of manual
Result: NOTE
Found the following HTML validation problems:
ManifestoDocumentMeta.html:50:1 (ManifestoDocumentMeta.Rd:13): Warning: missing </ul> before </div>
categories.html:59:1 (categories.Rd:28): Warning: missing </ul> before </div>
codes.html:69:1 (codes.Rd:29): Warning: missing </ul> before </div>
formatids.html:48:1 (formatids.Rd:10): Warning: missing </ul> before </div>
formatmpds.html:47:1 (formatmpds.Rd:10): Warning: missing </ul> before </div>
formatpartiesds.html:47:1 (formatpartiesds.Rd:10): Warning: missing </ul> before </div>
get_mpdb.html:66:1 (get_mpdb.Rd:21): Warning: missing </ul> before </div>
mp_cite.html:59:1 (mp_cite.Rd:19): Warning: missing </ul> before </div>
mp_use_corpus_version.html:58:1 (mp_use_corpus_version.Rd:14): Warning: missing </ul> before </div>
mpdb_api_request.html:57:1 (mpdb_api_request.Rd:16): Warning: missing </ul> before </div>
na_action.html:50:1 (na_action.Rd:12): Warning: missing </ul> before </div>
prefix.html:51:1 (prefix.Rd:12): Warning: missing </ul> before </div>
rescale.html:62:1 (rescale.Rd:18): Warning: missing </ul> before </div>
rile.html:49:1 (rile.Rd:13): Warning: missing </ul> before </div>
split_belgium.html:80:1 (split_belgium.Rd:31): Warning: missing </ul> before </div>
Flavor: r-devel-linux-x86_64-debian-gcc