Last updated on 2025-07-13 09:49:45 CEST.
Flavor | Version | Tinstall | Tcheck | Ttotal | Status | Flags |
---|---|---|---|---|---|---|
r-devel-linux-x86_64-debian-clang | 2.0 | 16.79 | 277.89 | 294.68 | OK | |
r-devel-linux-x86_64-debian-gcc | 2.0 | 12.02 | 192.03 | 204.05 | OK | |
r-devel-linux-x86_64-fedora-clang | 2.0 | 469.67 | OK | |||
r-devel-linux-x86_64-fedora-gcc | 2.0 | 463.42 | OK | |||
r-devel-windows-x86_64 | 2.0 | 17.00 | 262.00 | 279.00 | OK | |
r-patched-linux-x86_64 | 2.0 | 17.79 | 259.99 | 277.78 | OK | |
r-release-linux-x86_64 | 2.0 | 12.11 | 261.00 | 273.11 | OK | |
r-release-macos-arm64 | 2.0 | 127.00 | OK | |||
r-release-macos-x86_64 | 2.0 | 266.00 | OK | |||
r-release-windows-x86_64 | 2.0 | 18.00 | 307.00 | 325.00 | OK | |
r-oldrel-macos-arm64 | 2.0 | 110.00 | NOTE | |||
r-oldrel-macos-x86_64 | 2.0 | 182.00 | NOTE | |||
r-oldrel-windows-x86_64 | 2.0 | 24.00 | 330.00 | 354.00 | NOTE |
Version: 2.0
Check: installed package size
Result: NOTE
installed size is 7.3Mb
sub-directories of 1Mb or more:
doc 6.9Mb
Flavors: r-oldrel-macos-arm64, r-oldrel-macos-x86_64, r-oldrel-windows-x86_64