Last updated on 2025-10-21 09:48:37 CEST.
Flavor | Version | Tinstall | Tcheck | Ttotal | Status | Flags |
---|---|---|---|---|---|---|
r-devel-linux-x86_64-debian-clang | 0.3.5-7 | 8.69 | 72.77 | 81.46 | OK | |
r-devel-linux-x86_64-debian-gcc | 0.3.5-7 | 5.62 | 49.38 | 55.00 | NOTE | |
r-devel-linux-x86_64-fedora-clang | 0.3.5-7 | 129.85 | OK | |||
r-devel-linux-x86_64-fedora-gcc | 0.3.5-7 | 123.01 | OK | |||
r-devel-windows-x86_64 | 0.3.5-7 | 9.00 | 109.00 | 118.00 | OK | |
r-patched-linux-x86_64 | 0.3.5-7 | 9.90 | 69.72 | 79.62 | OK | |
r-release-linux-x86_64 | 0.3.5-7 | 7.39 | 69.97 | 77.36 | OK | |
r-release-macos-arm64 | 0.3.5-7 | 35.00 | OK | |||
r-release-macos-x86_64 | 0.3.5-7 | 79.00 | OK | |||
r-release-windows-x86_64 | 0.3.5-7 | 10.00 | 99.00 | 109.00 | OK | |
r-oldrel-macos-arm64 | 0.3.5-7 | 40.00 | OK | |||
r-oldrel-macos-x86_64 | 0.3.5-7 | 83.00 | OK | |||
r-oldrel-windows-x86_64 | 0.3.5-7 | 13.00 | 120.00 | 133.00 | OK |
Version: 0.3.5-7
Check: HTML version of manual
Result: NOTE
Found the following HTML validation problems:
print.summary.lphom.html:59:1 (print.summary.lphom.Rd:16): Warning: missing </ul> before </div>
Flavor: r-devel-linux-x86_64-debian-gcc