Last updated on 2025-07-12 09:49:22 CEST.
Flavor | Version | Tinstall | Tcheck | Ttotal | Status | Flags |
---|---|---|---|---|---|---|
r-devel-linux-x86_64-debian-clang | 1.2.1 | 31.25 | 114.07 | 145.32 | OK | |
r-devel-linux-x86_64-debian-gcc | 1.2.1 | 21.88 | 76.44 | 98.32 | OK | |
r-devel-linux-x86_64-fedora-clang | 1.2.1 | 250.41 | OK | |||
r-devel-linux-x86_64-fedora-gcc | 1.2.1 | 237.05 | OK | |||
r-devel-windows-x86_64 | 1.2 | 37.00 | 140.00 | 177.00 | OK | |
r-patched-linux-x86_64 | 1.2.1 | 33.57 | 105.33 | 138.90 | OK | |
r-release-linux-x86_64 | 1.2 | 31.13 | 107.24 | 138.37 | OK | |
r-release-macos-arm64 | 1.2 | 103.00 | OK | |||
r-release-macos-x86_64 | 1.2.1 | 132.00 | OK | |||
r-release-windows-x86_64 | 1.2.1 | 38.00 | 141.00 | 179.00 | OK | |
r-oldrel-macos-arm64 | 1.2 | 83.00 | NOTE | |||
r-oldrel-macos-x86_64 | 1.2.1 | 140.00 | NOTE | |||
r-oldrel-windows-x86_64 | 1.2.1 | 49.00 | 177.00 | 226.00 | OK |
Version: 1.2
Check: installed package size
Result: NOTE
installed size is 5.5Mb
sub-directories of 1Mb or more:
data 3.0Mb
libs 1.8Mb
Flavor: r-oldrel-macos-arm64
Version: 1.2.1
Check: installed package size
Result: NOTE
installed size is 6.5Mb
sub-directories of 1Mb or more:
data 4.0Mb
libs 1.8Mb
Flavor: r-oldrel-macos-x86_64