Last updated on 2025-10-21 09:48:36 CEST.
Flavor | Version | Tinstall | Tcheck | Ttotal | Status | Flags |
---|---|---|---|---|---|---|
r-devel-linux-x86_64-debian-clang | 3.1-3 | 13.60 | 247.91 | 261.51 | NOTE | |
r-devel-linux-x86_64-debian-gcc | 3.1-3 | 9.29 | 166.66 | 175.95 | NOTE | |
r-devel-linux-x86_64-fedora-clang | 3.1-3 | 402.37 | OK | |||
r-devel-linux-x86_64-fedora-gcc | 3.1-3 | 379.96 | OK | |||
r-devel-windows-x86_64 | 3.1-3 | 15.00 | 224.00 | 239.00 | OK | |
r-patched-linux-x86_64 | 3.1-3 | 13.55 | 231.33 | 244.88 | OK | |
r-release-linux-x86_64 | 3.1-3 | 13.00 | 231.40 | 244.40 | OK | |
r-release-macos-arm64 | 3.1-3 | 107.00 | OK | |||
r-release-macos-x86_64 | 3.1-3 | 184.00 | OK | |||
r-release-windows-x86_64 | 3.1-3 | 16.00 | 224.00 | 240.00 | OK | |
r-oldrel-macos-arm64 | 3.1-3 | 96.00 | OK | |||
r-oldrel-macos-x86_64 | 3.1-3 | 139.00 | OK | |||
r-oldrel-windows-x86_64 | 3.1-3 | 24.00 | 294.00 | 318.00 | OK |
Version: 3.1-3
Check: CRAN incoming feasibility
Result: NOTE
Maintainer: ‘Rune Haubo Bojesen Christensen <Rune.Haubo@gmail.com>’
Found the following URLs which should use \doi (with the DOI name only):
File ‘ham.Rd’:
https://doi.org/10.1016/j.foodqual.2009.09.004
Flavors: r-devel-linux-x86_64-debian-clang, r-devel-linux-x86_64-debian-gcc
Version: 3.1-3
Check: HTML version of manual
Result: NOTE
Found the following HTML validation problems:
rbindall.html:46:1 (rbindall.Rd:10): Warning: missing </ul> before </div>
rm_complete_terms.html:57:1 (rm_complete_terms.Rd:16): Warning: missing </ul> before </div>
Flavor: r-devel-linux-x86_64-debian-gcc