CRAN Package Check Results for Package listr

Last updated on 2025-07-12 09:49:22 CEST.

Flavor Version Tinstall Tcheck Ttotal Status Flags
r-devel-linux-x86_64-debian-clang 0.1.0 1.79 28.75 30.54 NOTE
r-devel-linux-x86_64-debian-gcc 0.1.0 1.58 24.36 25.94 NOTE
r-devel-linux-x86_64-fedora-clang 0.1.0 48.73 NOTE
r-devel-linux-x86_64-fedora-gcc 0.1.0 59.41 NOTE
r-devel-windows-x86_64 0.1.0 3.00 56.00 59.00 NOTE
r-patched-linux-x86_64 0.1.0 1.75 26.91 28.66 NOTE
r-release-linux-x86_64 0.1.0 1.91 26.82 28.73 NOTE
r-release-macos-arm64 0.1.0 69.00 NOTE
r-release-macos-x86_64 0.1.0 52.00 NOTE
r-release-windows-x86_64 0.1.0 3.00 56.00 59.00 NOTE
r-oldrel-macos-arm64 0.1.0 25.00 OK
r-oldrel-macos-x86_64 0.1.0 38.00 OK
r-oldrel-windows-x86_64 0.1.0 5.00 61.00 66.00 OK

Check Details

Version: 0.1.0
Check: DESCRIPTION meta-information
Result: NOTE Missing dependency on R >= 4.1.0 because package code uses the pipe |> or function shorthand \(...) syntax added in R 4.1.0. File(s) using such syntax: ‘list_bind.R’ Flavors: r-devel-linux-x86_64-debian-clang, r-devel-linux-x86_64-debian-gcc, r-devel-linux-x86_64-fedora-clang, r-devel-linux-x86_64-fedora-gcc, r-devel-windows-x86_64, r-patched-linux-x86_64, r-release-linux-x86_64, r-release-macos-arm64, r-release-macos-x86_64, r-release-windows-x86_64