Last updated on 2025-10-21 09:48:36 CEST.
Flavor | Version | Tinstall | Tcheck | Ttotal | Status | Flags |
---|---|---|---|---|---|---|
r-devel-linux-x86_64-debian-clang | 0.1.2 | 14.82 | 126.95 | 141.77 | NOTE | |
r-devel-linux-x86_64-debian-gcc | 0.1.2 | 10.49 | 89.04 | 99.53 | NOTE | |
r-devel-linux-x86_64-fedora-clang | 0.1.2 | 228.48 | NOTE | |||
r-devel-linux-x86_64-fedora-gcc | 0.1.2 | 216.84 | NOTE | |||
r-devel-windows-x86_64 | 0.1.2 | 17.00 | 116.00 | 133.00 | OK | |
r-patched-linux-x86_64 | 0.1.2 | 14.61 | 118.86 | 133.47 | OK | |
r-release-linux-x86_64 | 0.1.2 | 13.82 | 117.62 | 131.44 | OK | |
r-release-macos-arm64 | 0.1.2 | 48.00 | OK | |||
r-release-macos-x86_64 | 0.1.2 | 89.00 | OK | |||
r-release-windows-x86_64 | 0.1.2 | 16.00 | 114.00 | 130.00 | OK | |
r-oldrel-macos-arm64 | 0.1.2 | 49.00 | OK | |||
r-oldrel-macos-x86_64 | 0.1.2 | 71.00 | OK | |||
r-oldrel-windows-x86_64 | 0.1.2 | 22.00 | 150.00 | 172.00 | OK |
Version: 0.1.2
Check: CRAN incoming feasibility
Result: NOTE
Maintainer: ‘Tommi Suvitaival <TSUV0001@RegionH.DK>’
Found the following URLs which should use \doi (with the DOI name only):
File ‘cancerlipidome.Rd’:
http://dx.doi.org/10.21228/M8RX01
https://doi.org/10.3390/metabo8030041
File ‘humanlipidome.Rd’:
http://dx.doi.org/10.21228/M8MW26
https://doi.org/10.1194/jlr.M009449
File ‘liverlipidome.Rd’:
http://dx.doi.org/10.21228/M8MW26
https://dx.doi.org/10.1194/jlr.P056002
Flavors: r-devel-linux-x86_64-debian-clang, r-devel-linux-x86_64-debian-gcc
Version: 0.1.2
Check: HTML version of manual
Result: NOTE
Found the following HTML validation problems:
heatmap_lipidome.html:172:1 (heatmap_lipidome.Rd:102): Warning: missing </ul> before </div>
install_Bioconductor_dependencies.html:48:1 (install_Bioconductor_dependencies.Rd:11): Warning: missing </ul> before </div>
Flavors: r-devel-linux-x86_64-debian-gcc, r-devel-linux-x86_64-fedora-clang, r-devel-linux-x86_64-fedora-gcc