Last updated on 2025-10-21 09:48:36 CEST.
Flavor | Version | Tinstall | Tcheck | Ttotal | Status | Flags |
---|---|---|---|---|---|---|
r-devel-linux-x86_64-debian-clang | 0.0.2 | 3.87 | 51.64 | 55.51 | OK | |
r-devel-linux-x86_64-debian-gcc | 0.0.2 | 2.33 | 40.85 | 43.18 | NOTE | |
r-devel-linux-x86_64-fedora-clang | 0.0.2 | 84.80 | NOTE | |||
r-devel-linux-x86_64-fedora-gcc | 0.0.2 | 96.48 | NOTE | |||
r-devel-windows-x86_64 | 0.0.2 | 6.00 | 70.00 | 76.00 | OK | |
r-patched-linux-x86_64 | 0.0.2 | 3.33 | 48.14 | 51.47 | OK | |
r-release-linux-x86_64 | 0.0.2 | 3.60 | 48.30 | 51.90 | OK | |
r-release-macos-arm64 | 0.0.2 | 65.00 | OK | |||
r-release-macos-x86_64 | 0.0.2 | 75.00 | OK | |||
r-release-windows-x86_64 | 0.0.2 | 6.00 | 72.00 | 78.00 | OK | |
r-oldrel-macos-arm64 | 0.0.2 | 36.00 | NOTE | |||
r-oldrel-macos-x86_64 | 0.0.2 | 53.00 | NOTE | |||
r-oldrel-windows-x86_64 | 0.0.2 | 7.00 | 80.00 | 87.00 | NOTE |
Version: 0.0.2
Check: HTML version of manual
Result: NOTE
Found the following HTML validation problems:
Linne.html:140:1 (Linne.Rd:193): Warning: <h5> anchor "Usage" already defined
Linne.html:146:1 (Linne.Rd:197): Warning: <h5> anchor "Arguments" already defined
Linne.html:162:1 (Linne.Rd:207): Warning: <h5> anchor "Details" already defined
Linne.html:171:1 (Linne.Rd:213): Warning: <h5> anchor "Returns" already defined
Linne.html:178:1 (Linne.Rd:216): Warning: <h5> anchor "Examples" already defined
Linne.html:195:1 (Linne.Rd:229): Warning: <h5> anchor "Usage" already defined
Linne.html:201:1 (Linne.Rd:233): Warning: <h5> anchor "Details" already defined
Linne.html:210:1 (Linne.Rd:239): Warning: <h5> anchor "Examples" already defined
Linne.html:239:1 (Linne.Rd:264): Warning: <h5> anchor "Usage" already defined
Linne.html:245:1 (Linne.Rd:268): Warning: <h5> anchor "Arguments" already defined
Linne.html:258:1 (Linne.Rd:275): Warning: <h5> anchor "Details" already defined
Linne.html:265:1 (Linne.Rd:279): Warning: <h5> anchor "Returns" already defined
Linne.html:272:1 (Linne.Rd:282): Warning: <h5> anchor "Examples" already defined
Linne.html:289:1 (Linne.Rd:295): Warning: <h5> anchor "Usage" already defined
Linne.html:295:1 (Linne.Rd:299): Warning: <h5> anchor "Arguments" already defined
Linne.html:308:1 (Linne.Rd:306): Warning: <h5> anchor "Details" already defined
Linne.html:315:1 (Linne.Rd:310): Warning: <h5> anchor "Examples" already defined
Linne.html:332:1 (Linne.Rd:323): Warning: <h5> anchor "Usage" already defined
Linne.html:338:1 (Linne.Rd:327): Warning: <h5> anchor "Arguments" already defined
Linne.html:351:1 (Linne.Rd:334): Warning: <h5> anchor "Details" already defined
Linne.html:360:1 (Linne.Rd:340): Warning: <h5> anchor "Examples" already defined
Linne.html:377:1 (Linne.Rd:353): Warning: <h5> anchor "Usage" already defined
Linne.html:383:1 (Linne.Rd:357): Warning: <h5> anchor "Arguments" already defined
Linne.html:396:1 (Linne.Rd:364): Warning: <h5> anchor "Details" already defined
Linne.html:405:1 (Linne.Rd:370): Warning: <h5> anchor "Returns" already defined
Linne.html:412:1 (Linne.Rd:373): Warning: <h5> anchor "Examples" already defined
Linne.html:459:1 (Linne.Rd:416): Warning: <h5> anchor "Usage" already defined
Linne.html:465:1 (Linne.Rd:420): Warning: <h5> anchor "Arguments" already defined
Linne.html:482:1 (Linne.Rd:431): Warning: <h5> anchor "Details" already defined
Linne.html:491:1 (Linne.Rd:437): Warning: <h5> anchor "Examples" already defined
Linne.html:509:1 (Linne.Rd:451): Warning: <h5> anchor "Usage" already defined
Linne.html:515:1 (Linne.Rd:455): Warning: <h5> anchor "Details" already defined
Linne.html:532:1 (Linne.Rd:466): Warning: <h5> anchor "Usage" already defined
Linne.html:538:1 (Linne.Rd:470): Warning: <h5> anchor "Arguments" already defined
Linne.html:553:1 (Linne.Rd:479): Warning: <h5> anchor "Details" already defined
Linne.html:562:1 (Linne.Rd:485): Warning: <h5> anchor "Examples" already defined
Linne.html:605:1 (Linne.Rd:523): Warning: <h5> anchor "Usage" already defined
Linne.html:611:1 (Linne.Rd:527): Warning: <h5> anchor "Arguments" already defined
when.html:50:1 (when.Rd:17): Warning: missing </ul> before </div>
Flavor: r-devel-linux-x86_64-debian-gcc
Version: 0.0.2
Check: dependencies in R code
Result: NOTE
Namespace in Imports field not imported from: ‘R6’
All declared Imports should be used.
Flavors: r-devel-linux-x86_64-fedora-clang, r-devel-linux-x86_64-fedora-gcc
Version: 0.0.2
Check: LazyData
Result: NOTE
'LazyData' is specified without a 'data' directory
Flavors: r-oldrel-macos-arm64, r-oldrel-macos-x86_64, r-oldrel-windows-x86_64