CRAN Package Check Results for Package link

Last updated on 2025-07-12 09:49:22 CEST.

Flavor Version Tinstall Tcheck Ttotal Status Flags
r-devel-linux-x86_64-debian-clang 2024.4.0 2.59 25.53 28.12 NOTE
r-devel-linux-x86_64-debian-gcc 2024.4.0 1.80 21.55 23.35 NOTE
r-devel-linux-x86_64-fedora-clang 2024.4.0 41.56 NOTE
r-devel-linux-x86_64-fedora-gcc 2024.4.0 38.20 NOTE
r-devel-windows-x86_64 2024.4.0 5.00 44.00 49.00 NOTE
r-patched-linux-x86_64 2024.4.0 2.46 23.44 25.90 NOTE
r-release-linux-x86_64 2024.4.0 2.49 23.71 26.20 NOTE
r-release-macos-arm64 2024.4.0 22.00 NOTE
r-release-macos-x86_64 2024.4.0 30.00 NOTE
r-release-windows-x86_64 2024.4.0 5.00 45.00 50.00 NOTE
r-oldrel-macos-arm64 2024.4.0 19.00 OK
r-oldrel-macos-x86_64 2024.4.0 29.00 OK
r-oldrel-windows-x86_64 2024.4.0 5.00 50.00 55.00 OK

Check Details

Version: 2024.4.0
Check: DESCRIPTION meta-information
Result: NOTE Missing dependency on R >= 4.1.0 because package code uses the pipe |> or function shorthand \(...) syntax added in R 4.1.0. File(s) using such syntax: ‘auto.R’ Flavors: r-devel-linux-x86_64-debian-clang, r-devel-linux-x86_64-debian-gcc, r-devel-linux-x86_64-fedora-clang, r-devel-linux-x86_64-fedora-gcc, r-devel-windows-x86_64, r-patched-linux-x86_64, r-release-linux-x86_64, r-release-macos-arm64, r-release-macos-x86_64, r-release-windows-x86_64