Last updated on 2025-10-21 09:48:36 CEST.
Flavor | Version | Tinstall | Tcheck | Ttotal | Status | Flags |
---|---|---|---|---|---|---|
r-devel-linux-x86_64-debian-clang | 25.5.5 | 6.45 | 44.93 | 51.38 | OK | |
r-devel-linux-x86_64-debian-gcc | 25.5.5 | 4.15 | 34.69 | 38.84 | NOTE | |
r-devel-linux-x86_64-fedora-clang | 25.5.5 | 78.07 | OK | |||
r-devel-linux-x86_64-fedora-gcc | 25.5.5 | 87.24 | OK | |||
r-devel-windows-x86_64 | 25.5.5 | 8.00 | 68.00 | 76.00 | OK | |
r-patched-linux-x86_64 | 25.5.5 | 7.26 | 41.83 | 49.09 | OK | |
r-release-linux-x86_64 | 25.5.5 | 6.04 | 41.61 | 47.65 | OK | |
r-release-macos-arm64 | 25.5.5 | 33.00 | OK | |||
r-release-macos-x86_64 | 25.5.5 | 57.00 | OK | |||
r-release-windows-x86_64 | 25.5.5 | 7.00 | 70.00 | 77.00 | OK | |
r-oldrel-macos-arm64 | 25.5.5 | 38.00 | OK | |||
r-oldrel-macos-x86_64 | 25.5.5 | 71.00 | OK | |||
r-oldrel-windows-x86_64 | 25.5.5 | 10.00 | 81.00 | 91.00 | OK |
Version: 25.5.5
Check: HTML version of manual
Result: NOTE
Found the following HTML validation problems:
Group.html:195:1 (Group.Rd:160): Warning: <h5> anchor "Usage" already defined
Group.html:207:1 (Group.Rd:170): Warning: <h5> anchor "Arguments" already defined
Group.html:230:1 (Group.Rd:187): Warning: <h5> anchor "Returns" already defined
Group.html:250:1 (Group.Rd:199): Warning: <h5> anchor "Usage" already defined
Group.html:262:1 (Group.Rd:209): Warning: <h5> anchor "Arguments" already defined
Group.html:286:1 (Group.Rd:227): Warning: <h5> anchor "Returns" already defined
Group.html:303:1 (Group.Rd:236): Warning: <h5> anchor "Usage" already defined
Group.html:309:1 (Group.Rd:240): Warning: <h5> anchor "Arguments" already defined
Question.html:779:1 (Question.Rd:502): Warning: missing </ul> before </div>
Question.html:385:1 (Question.Rd:248): Warning: <h5> anchor "Usage" already defined
Question.html:398:1 (Question.Rd:259): Warning: <h5> anchor "Arguments" already defined
Question.html:423:1 (Question.Rd:278): Warning: <h5> anchor "Returns" already defined
Question.html:443:1 (Question.Rd:290): Warning: <h5> anchor "Usage" already defined
Question.html:460:1 (Question.Rd:305): Warning: <h5> anchor "Arguments" already defined
Question.html:501:1 (Question.Rd:340): Warning: <h5> anchor "Returns" already defined
Question.html:518:1 (Question.Rd:349): Warning: <h5> anchor "Usage" already defined
Question.html:524:1 (Question.Rd:353): Warning: <h5> anchor "Arguments" already defined
Question.html:537:1 (Question.Rd:360): Warning: <h5> anchor "Returns" already defined
Question.html:554:1 (Question.Rd:369): Warning: <h5> anchor "Usage" already defined
Question.html:563:1 (Question.Rd:376): Warning: <h5> anchor "Arguments" already defined
Question.html:579:1 (Question.Rd:386): Warning: <h5> anchor "Returns" already defined
Question.html:596:1 (Question.Rd:395): Warning: <h5> anchor "Usage" already defined
Question.html:605:1 (Question.Rd:402): Warning: <h5> anchor "Arguments" already defined
Question.html:620:1 (Question.Rd:411): Warning: <h5> anchor "Returns" already defined
Question.html:637:1 (Question.Rd:420): Warning: <h5> anchor "Usage" already defined
Question.html:646:1 (Question.Rd:427): Warning: <h5> anchor "Arguments" already defined
Question.html:662:1 (Question.Rd:437): Warning: <h5> anchor "Returns" already defined
Question.html:679:1 (Question.Rd:446): Warning: <h5> anchor "Usage" already defined
Question.html:688:1 (Question.Rd:453): Warning: <h5> anchor "Arguments" already defined
Question.html:703:1 (Question.Rd:462): Warning: <h5> anchor "Returns" already defined
Question.html:720:1 (Question.Rd:471): Warning: <h5> anchor "Usage" already defined
Question.html:726:1 (Question.Rd:475): Warning: <h5> anchor "Arguments" already defined
Question.html:739:1 (Question.Rd:482): Warning: <h5> anchor "Returns" already defined
Question.html:756:1 (Question.Rd:491): Warning: <h5> anchor "Usage" already defined
Question.html:762:1 (Question.Rd:495): Warning: <h5> anchor "Arguments" already defined
Survey.html:701:1 (Survey.Rd:555): Warning: missing </ul> before </div>
Survey.html:492:1 (Survey.Rd:422): Warning: <h5> anchor "Usage" already defined
Survey.html:498:1 (Survey.Rd:426): Warning: <h5> anchor "Arguments" already defined
Survey.html:523:1 (Survey.Rd:445): Warning: <h5> anchor "Returns" already defined
Survey.html:540:1 (Survey.Rd:454): Warning: <h5> anchor "Usage" already defined
Survey.html:546:1 (Survey.Rd:458): Warning: <h5> anchor "Arguments" already defined
Survey.html:568:1 (Survey.Rd:474): Warning: <h5> anchor "Returns" already defined
Survey.html:586:1 (Survey.Rd:484): Warning: <h5> anchor "Usage" already defined
Survey.html:599:1 (Survey.Rd:495): Warning: <h5> anchor "Arguments" already defined
Survey.html:623:1 (Survey.Rd:513): Warning: <h5> anchor "Returns" already defined
Survey.html:640:1 (Survey.Rd:522): Warning: <h5> anchor "Usage" already defined
Survey.html:646:1 (Survey.Rd:526): Warning: <h5> anchor "Arguments" already defined
Survey.html:661:1 (Survey.Rd:535): Warning: <h5> anchor "Returns" already defined
Survey.html:678:1 (Survey.Rd:544): Warning: <h5> anchor "Usage" already defined
Survey.html:684:1 (Survey.Rd:548): Warning: <h5> anchor "Arguments" already defined
Flavor: r-devel-linux-x86_64-debian-gcc