Last updated on 2025-10-21 09:48:36 CEST.
Flavor | Version | Tinstall | Tcheck | Ttotal | Status | Flags |
---|---|---|---|---|---|---|
r-devel-linux-x86_64-debian-clang | 4.2.1 | 133.74 | 545.12 | 678.86 | OK | |
r-devel-linux-x86_64-debian-gcc | 4.2.1 | 94.38 | 324.98 | 419.36 | NOTE | |
r-devel-linux-x86_64-fedora-clang | 4.2.1 | 1170.04 | OK | |||
r-devel-linux-x86_64-fedora-gcc | 4.2.1 | 1149.61 | OK | |||
r-devel-windows-x86_64 | 4.2.1 | 146.00 | 488.00 | 634.00 | OK | |
r-patched-linux-x86_64 | 4.2.1 | 138.83 | 511.54 | 650.37 | OK | |
r-release-linux-x86_64 | 4.2.1 | 137.41 | 511.37 | 648.78 | OK | |
r-release-macos-arm64 | 4.2.1 | 257.00 | OK | |||
r-release-macos-x86_64 | 4.2.1 | 761.00 | OK | |||
r-release-windows-x86_64 | 4.2.1 | 155.00 | 500.00 | 655.00 | OK | |
r-oldrel-macos-arm64 | 4.2.1 | 279.00 | NOTE | |||
r-oldrel-macos-x86_64 | 4.2.1 | 815.00 | NOTE | |||
r-oldrel-windows-x86_64 | 4.2.1 | 176.00 | 675.00 | 851.00 | NOTE |
Version: 4.2.1
Check: HTML version of manual
Result: NOTE
Found the following HTML validation problems:
as.html:51:1 (as.Rd:13): Warning: missing </ul> before </div>
catalog_apply.html:147:1 (catalog_apply.Rd:110): Warning: <h3> anchor ".options" already defined
deprecated.html:76:1 (deprecated.Rd:45): Warning: missing </ul> before </div>
tools.html:102:1 (tools.Rd:66): Warning: missing </ul> before </div>
Flavor: r-devel-linux-x86_64-debian-gcc
Version: 4.2.1
Check: installed package size
Result: NOTE
installed size is 13.7Mb
sub-directories of 1Mb or more:
R 1.1Mb
doc 1.0Mb
extdata 1.2Mb
libs 9.9Mb
Flavors: r-oldrel-macos-arm64, r-oldrel-macos-x86_64, r-oldrel-windows-x86_64