CRAN Package Check Results for Package lgr

Last updated on 2025-10-21 09:48:36 CEST.

Flavor Version Tinstall Tcheck Ttotal Status Flags
r-devel-linux-x86_64-debian-clang 0.5.0 16.64 73.53 90.17 OK
r-devel-linux-x86_64-debian-gcc 0.5.0 10.94 58.12 69.06 NOTE
r-devel-linux-x86_64-fedora-clang 0.5.0 144.39 OK
r-devel-linux-x86_64-fedora-gcc 0.5.0 144.87 OK
r-devel-windows-x86_64 0.5.0 17.00 98.00 115.00 OK
r-patched-linux-x86_64 0.5.0 17.29 68.35 85.64 OK
r-release-linux-x86_64 0.5.0 14.76 68.29 83.05 OK
r-release-macos-arm64 0.5.0 85.00 OK
r-release-macos-x86_64 0.5.0 126.00 OK
r-release-windows-x86_64 0.5.0 19.00 99.00 118.00 OK
r-oldrel-macos-arm64 0.5.0 79.00 OK
r-oldrel-macos-x86_64 0.5.0 142.00 OK
r-oldrel-windows-x86_64 0.5.0 21.00 116.00 137.00 OK

Check Details

Version: 0.5.0
Check: HTML version of manual
Result: NOTE Found the following HTML validation problems: Appender.html:120:1 (Appender.Rd:87): Warning: <h5> anchor "Usage" already defined Appender.html:137:1 (Appender.Rd:98): Warning: <h5> anchor "Usage" already defined Appender.html:167:1 (Appender.Rd:116): Warning: <h5> anchor "Usage" already defined Appender.html:181:1 (Appender.Rd:125): Warning: <h5> anchor "Usage" already defined AppenderBuffer.html:143:1 (AppenderBuffer.Rd:100): Warning: <h5> anchor "Usage" already defined AppenderBuffer.html:159:1 (AppenderBuffer.Rd:110): Warning: <h5> anchor "Usage" already defined AppenderBuffer.html:177:1 (AppenderBuffer.Rd:122): Warning: <h5> anchor "Usage" already defined AppenderBuffer.html:215:1 (AppenderBuffer.Rd:149): Warning: <h5> anchor "Usage" already defined AppenderBuffer.html:221:1 (AppenderBuffer.Rd:153): Warning: <h5> anchor "Arguments" already defined AppenderBuffer.html:246:1 (AppenderBuffer.Rd:168): Warning: <h5> anchor "Usage" already defined AppenderBuffer.html:252:1 (AppenderBuffer.Rd:172): Warning: <h5> anchor "Arguments" already defined AppenderBuffer.html:274:1 (AppenderBuffer.Rd:185): Warning: <h5> anchor "Usage" already defined AppenderConsole.html:111:1 (AppenderConsole.Rd:90): Warning: <h5> anchor "Usage" already defined AppenderConsole.html:125:1 (AppenderConsole.Rd:99): Warning: <h5> anchor "Usage" already defined AppenderConsole.html:131:1 (AppenderConsole.Rd:103): Warning: <h5> anchor "Arguments" already defined AppenderFile.html:119:1 (AppenderFile.Rd:135): Warning: <h5> anchor "Usage" already defined AppenderFile.html:135:1 (AppenderFile.Rd:145): Warning: <h5> anchor "Usage" already defined AppenderFile.html:165:1 (AppenderFile.Rd:163): Warning: <h5> anchor "Usage" already defined AppenderFile.html:171:1 (AppenderFile.Rd:167): Warning: <h5> anchor "Arguments" already defined AppenderFile.html:189:1 (AppenderFile.Rd:180): Warning: <h3> anchor "Super-classes" already defined AppenderFile.html:195:1 (AppenderFile.Rd:183): Warning: <h3> anchor "Methods" already defined AppenderFile.html:199:1 (AppenderFile.Rd:184): Warning: <h4> anchor "Public-methods" already defined AppenderFile.html:229:1 (AppenderFile.Rd:208): Warning: <h4> anchor "Method-+E2+80+98new+28+29+E2+80+99" already defined AppenderFile.html:233:1 (AppenderFile.Rd:209): Warning: <h5> anchor "Usage" already defined AppenderFileRotating.html:162:1 (AppenderFileRotating.Rd:101): Warning: <h5> anchor "Usage" already defined AppenderFileRotating.html:176:1 (AppenderFileRotating.Rd:110): Warning: <h5> anchor "Usage" already defined AppenderFileRotating.html:190:1 (AppenderFileRotating.Rd:119): Warning: <h5> anchor "Usage" already defined AppenderFileRotating.html:204:1 (AppenderFileRotating.Rd:128): Warning: <h5> anchor "Usage" already defined AppenderFileRotating.html:218:1 (AppenderFileRotating.Rd:137): Warning: <h5> anchor "Usage" already defined AppenderFileRotating.html:232:1 (AppenderFileRotating.Rd:146): Warning: <h5> anchor "Usage" already defined AppenderFileRotating.html:246:1 (AppenderFileRotating.Rd:155): Warning: <h5> anchor "Usage" already defined AppenderFileRotating.html:260:1 (AppenderFileRotating.Rd:164): Warning: <h5> anchor "Usage" already defined AppenderFileRotating.html:274:1 (AppenderFileRotating.Rd:173): Warning: <h5> anchor "Usage" already defined AppenderFileRotating.html:288:1 (AppenderFileRotating.Rd:182): Warning: <h5> anchor "Usage" already defined AppenderFileRotating.html:304:1 (AppenderFileRotating.Rd:192): Warning: <h5> anchor "Usage" already defined AppenderFileRotating.html:310:1 (AppenderFileRotating.Rd:196): Warning: <h5> anchor "Arguments" already defined AppenderFileRotatingDate.html:139:1 (AppenderFileRotatingDate.Rd:102): Warning: <h5> anchor "Usage" already defined AppenderFileRotatingDate.html:145:1 (AppenderFileRotatingDate.Rd:106): Warning: <h5> anchor "Arguments" already defined AppenderFileRotatingTime.html:158:1 (AppenderFileRotatingTime.Rd:108): Warning: <h5> anchor "Usage" already defined AppenderFileRotatingTime.html:172:1 (AppenderFileRotatingTime.Rd:117): Warning: <h5> anchor "Usage" already defined AppenderFileRotatingTime.html:186:1 (AppenderFileRotatingTime.Rd:126): Warning: <h5> anchor "Usage" already defined AppenderFileRotatingTime.html:200:1 (AppenderFileRotatingTime.Rd:135): Warning: <h5> anchor "Usage" already defined AppenderFileRotatingTime.html:216:1 (AppenderFileRotatingTime.Rd:145): Warning: <h5> anchor "Usage" already defined AppenderFileRotatingTime.html:222:1 (AppenderFileRotatingTime.Rd:149): Warning: <h5> anchor "Arguments" already defined AppenderFileRotatingTime.html:243:1 (AppenderFileRotatingTime.Rd:161): Warning: <h5> anchor "Usage" already defined AppenderFileRotatingTime.html:259:1 (AppenderFileRotatingTime.Rd:171): Warning: <h5> anchor "Usage" already defined AppenderFileRotatingTime.html:265:1 (AppenderFileRotatingTime.Rd:175): Warning: <h5> anchor "Arguments" already defined AppenderMemory.html:154:1 (AppenderMemory.Rd:100): Warning: <h5> anchor "Usage" already defined AppenderMemory.html:171:1 (AppenderMemory.Rd:111): Warning: <h5> anchor "Usage" already defined AppenderMemory.html:187:1 (AppenderMemory.Rd:121): Warning: <h5> anchor "Usage" already defined AppenderMemory.html:203:1 (AppenderMemory.Rd:131): Warning: <h5> anchor "Usage" already defined AppenderMemory.html:232:1 (AppenderMemory.Rd:148): Warning: <h5> anchor "Usage" already defined AppenderMemory.html:238:1 (AppenderMemory.Rd:152): Warning: <h5> anchor "Arguments" already defined AppenderMemory.html:262:1 (AppenderMemory.Rd:166): Warning: <h5> anchor "Usage" already defined AppenderMemory.html:268:1 (AppenderMemory.Rd:170): Warning: <h5> anchor "Arguments" already defined AppenderMemory.html:291:1 (AppenderMemory.Rd:183): Warning: <h5> anchor "Usage" already defined AppenderMemory.html:297:1 (AppenderMemory.Rd:187): Warning: <h5> anchor "Arguments" already defined AppenderMemory.html:320:1 (AppenderMemory.Rd:200): Warning: <h5> anchor "Usage" already defined AppenderMemory.html:326:1 (AppenderMemory.Rd:204): Warning: <h5> anchor "Arguments" already defined AppenderMemory.html:351:1 (AppenderMemory.Rd:219): Warning: <h5> anchor "Usage" already defined AppenderMemory.html:357:1 (AppenderMemory.Rd:223): Warning: <h5> anchor "Arguments" already defined AppenderMemory.html:382:1 (AppenderMemory.Rd:239): Warning: <h5> anchor "Usage" already defined AppenderTable.html:115:1 (AppenderTable.Rd:84): Warning: <h5> anchor "Usage" already defined AppenderTable.html:145:1 (AppenderTable.Rd:103): Warning: <h5> anchor "Usage" already defined EventFilter.html:120:1 (EventFilter.Rd:88): Warning: <h5> anchor "Usage" already defined EventFilter.html:126:1 (EventFilter.Rd:92): Warning: <h5> anchor "Arguments" already defined FilterForceLevel.html:105:1 (FilterForceLevel.Rd:65): Warning: <h5> anchor "Usage" already defined FilterForceLevel.html:111:1 (FilterForceLevel.Rd:69): Warning: <h5> anchor "Arguments" already defined FilterInject.html:107:1 (FilterInject.Rd:67): Warning: <h5> anchor "Usage" already defined FilterInject.html:113:1 (FilterInject.Rd:71): Warning: <h5> anchor "Arguments" already defined Filterable.html:110:1 (Filterable.Rd:63): Warning: <h5> anchor "Usage" already defined Filterable.html:116:1 (Filterable.Rd:67): Warning: <h5> anchor "Arguments" already defined Filterable.html:156:1 (Filterable.Rd:91): Warning: <h5> anchor "Usage" already defined Filterable.html:162:1 (Filterable.Rd:95): Warning: <h5> anchor "Arguments" already defined Filterable.html:187:1 (Filterable.Rd:110): Warning: <h5> anchor "Usage" already defined Filterable.html:193:1 (Filterable.Rd:114): Warning: <h5> anchor "Arguments" already defined Layout.html:126:1 (Layout.Rd:77): Warning: <h5> anchor "Usage" already defined Layout.html:140:1 (Layout.Rd:86): Warning: <h5> anchor "Usage" already defined Layout.html:156:1 (Layout.Rd:96): Warning: <h5> anchor "Usage" already defined Layout.html:162:1 (Layout.Rd:100): Warning: <h5> anchor "Arguments" already defined LayoutFormat.html:190:1 (LayoutFormat.Rd:132): Warning: <h5> anchor "Usage" already defined LayoutFormat.html:217:1 (LayoutFormat.Rd:148): Warning: <h5> anchor "Usage" already defined LayoutFormat.html:231:1 (LayoutFormat.Rd:157): Warning: <h5> anchor "Usage" already defined LayoutFormat.html:245:1 (LayoutFormat.Rd:166): Warning: <h5> anchor "Usage" already defined LayoutFormat.html:259:1 (LayoutFormat.Rd:175): Warning: <h5> anchor "Usage" already defined LayoutFormat.html:273:1 (LayoutFormat.Rd:184): Warning: <h5> anchor "Usage" already defined LayoutFormat.html:287:1 (LayoutFormat.Rd:193): Warning: <h5> anchor "Usage" already defined LayoutFormat.html:293:1 (LayoutFormat.Rd:197): Warning: <h5> anchor "Arguments" already defined LayoutFormat.html:318:1 (LayoutFormat.Rd:212): Warning: <h5> anchor "Usage" already defined LayoutFormat.html:324:1 (LayoutFormat.Rd:216): Warning: <h5> anchor "Arguments" already defined LayoutGlue.html:108:1 (LayoutGlue.Rd:81): Warning: <h5> anchor "Usage" already defined LayoutGlue.html:122:1 (LayoutGlue.Rd:90): Warning: <h5> anchor "Usage" already defined LayoutGlue.html:136:1 (LayoutGlue.Rd:99): Warning: <h5> anchor "Usage" already defined LayoutGlue.html:150:1 (LayoutGlue.Rd:108): Warning: <h5> anchor "Usage" already defined LayoutGlue.html:166:1 (LayoutGlue.Rd:118): Warning: <h5> anchor "Usage" already defined LayoutJson.html:182:1 (LayoutJson.Rd:141): Warning: <h5> anchor "Usage" already defined LayoutJson.html:196:1 (LayoutJson.Rd:150): Warning: <h5> anchor "Usage" already defined LayoutJson.html:202:1 (LayoutJson.Rd:154): Warning: <h5> anchor "Arguments" already defined LayoutJson.html:223:1 (LayoutJson.Rd:166): Warning: <h5> anchor "Usage" already defined LayoutJson.html:229:1 (LayoutJson.Rd:170): Warning: <h5> anchor "Arguments" already defined LayoutJson.html:251:1 (LayoutJson.Rd:183): Warning: <h5> anchor "Usage" already defined LayoutJson.html:257:1 (LayoutJson.Rd:187): Warning: <h5> anchor "Arguments" already defined LayoutJson.html:278:1 (LayoutJson.Rd:199): Warning: <h5> anchor "Usage" already defined LayoutJson.html:284:1 (LayoutJson.Rd:203): Warning: <h5> anchor "Arguments" already defined LayoutJson.html:308:1 (LayoutJson.Rd:217): Warning: <h5> anchor "Usage" already defined LayoutJson.html:326:1 (LayoutJson.Rd:229): Warning: <h5> anchor "Usage" already defined LayoutJson.html:332:1 (LayoutJson.Rd:233): Warning: <h5> anchor "Arguments" already defined LayoutJson.html:357:1 (LayoutJson.Rd:248): Warning: <h5> anchor "Usage" already defined LayoutJson.html:363:1 (LayoutJson.Rd:252): Warning: <h5> anchor "Arguments" already defined LayoutJson.html:391:1 (LayoutJson.Rd:270): Warning: <h5> anchor "Usage" already defined LayoutJson.html:397:1 (LayoutJson.Rd:274): Warning: <h5> anchor "Arguments" already defined LogEvent.html:149:1 (LogEvent.Rd:123): Warning: <h5> anchor "Usage" already defined LogEvent.html:155:1 (LogEvent.Rd:127): Warning: <h5> anchor "Arguments" already defined Logger.html:218:1 (Logger.Rd:256): Warning: <h5> anchor "Usage" already defined Logger.html:224:1 (Logger.Rd:260): Warning: <h5> anchor "Arguments" already defined Logger.html:260:1 (Logger.Rd:286): Warning: <h5> anchor "Usage" already defined Logger.html:266:1 (Logger.Rd:290): Warning: <h5> anchor "Arguments" already defined Logger.html:289:1 (Logger.Rd:303): Warning: <h5> anchor "Usage" already defined Logger.html:295:1 (Logger.Rd:307): Warning: <h5> anchor "Arguments" already defined Logger.html:318:1 (Logger.Rd:320): Warning: <h5> anchor "Usage" already defined Logger.html:324:1 (Logger.Rd:324): Warning: <h5> anchor "Arguments" already defined Logger.html:347:1 (Logger.Rd:337): Warning: <h5> anchor "Usage" already defined Logger.html:353:1 (Logger.Rd:341): Warning: <h5> anchor "Arguments" already defined Logger.html:376:1 (Logger.Rd:354): Warning: <h5> anchor "Usage" already defined Logger.html:382:1 (Logger.Rd:358): Warning: <h5> anchor "Arguments" already defined Logger.html:405:1 (Logger.Rd:371): Warning: <h5> anchor "Usage" already defined Logger.html:411:1 (Logger.Rd:375): Warning: <h5> anchor "Arguments" already defined Logger.html:437:1 (Logger.Rd:391): Warning: <h5> anchor "Usage" already defined Logger.html:443:1 (Logger.Rd:395): Warning: <h5> anchor "Arguments" already defined Logger.html:477:1 (Logger.Rd:418): Warning: <h5> anchor "Usage" already defined Logger.html:483:1 (Logger.Rd:422): Warning: <h5> anchor "Arguments" already defined Logger.html:524:1 (Logger.Rd:445): Warning: <h5> anchor "Usage" already defined Logger.html:530:1 (Logger.Rd:449): Warning: <h5> anchor "Arguments" already defined Logger.html:545:1 (Logger.Rd:458): Warning: <h5> anchor "Examples" already defined Logger.html:569:1 (Logger.Rd:477): Warning: <h5> anchor "Usage" already defined Logger.html:575:1 (Logger.Rd:481): Warning: <h5> anchor "Arguments" already defined Logger.html:602:1 (Logger.Rd:498): Warning: <h5> anchor "Usage" already defined Logger.html:608:1 (Logger.Rd:502): Warning: <h5> anchor "Arguments" already defined Logger.html:631:1 (Logger.Rd:515): Warning: <h5> anchor "Usage" already defined Logger.html:637:1 (Logger.Rd:519): Warning: <h5> anchor "Arguments" already defined Logger.html:650:1 (Logger.Rd:526): Warning: <h5> anchor "Examples" already defined Logger.html:669:1 (Logger.Rd:540): Warning: <h5> anchor "Usage" already defined Logger.html:675:1 (Logger.Rd:544): Warning: <h5> anchor "Arguments" already defined Logger.html:699:1 (Logger.Rd:558): Warning: <h5> anchor "Usage" already defined Logger.html:705:1 (Logger.Rd:562): Warning: <h5> anchor "Arguments" already defined Logger.html:729:1 (Logger.Rd:576): Warning: <h5> anchor "Usage" already defined Logger.html:735:1 (Logger.Rd:580): Warning: <h5> anchor "Arguments" already defined Logger.html:762:1 (Logger.Rd:597): Warning: <h5> anchor "Usage" already defined Logger.html:768:1 (Logger.Rd:601): Warning: <h5> anchor "Arguments" already defined Logger.html:794:1 (Logger.Rd:617): Warning: <h5> anchor "Usage" already defined Logger.html:800:1 (Logger.Rd:621): Warning: <h5> anchor "Arguments" already defined LoggerGlue.html:302:1 (LoggerGlue.Rd:183): Warning: missing </ul> before </div> LoggerGlue.html:145:1 (LoggerGlue.Rd:84): Warning: <h5> anchor "Usage" already defined LoggerGlue.html:159:1 (LoggerGlue.Rd:93): Warning: <h5> anchor "Usage" already defined LoggerGlue.html:173:1 (LoggerGlue.Rd:102): Warning: <h5> anchor "Usage" already defined LoggerGlue.html:187:1 (LoggerGlue.Rd:111): Warning: <h5> anchor "Usage" already defined LoggerGlue.html:201:1 (LoggerGlue.Rd:120): Warning: <h5> anchor "Usage" already defined LoggerGlue.html:215:1 (LoggerGlue.Rd:129): Warning: <h5> anchor "Usage" already defined LoggerGlue.html:229:1 (LoggerGlue.Rd:138): Warning: <h5> anchor "Usage" already defined LoggerGlue.html:249:1 (LoggerGlue.Rd:153): Warning: <h5> anchor "Usage" already defined LoggerGlue.html:263:1 (LoggerGlue.Rd:162): Warning: <h5> anchor "Usage" already defined LoggerGlue.html:279:1 (LoggerGlue.Rd:172): Warning: <h5> anchor "Usage" already defined Flavor: r-devel-linux-x86_64-debian-gcc