Last updated on 2025-10-21 09:48:36 CEST.
Flavor | Version | Tinstall | Tcheck | Ttotal | Status | Flags |
---|---|---|---|---|---|---|
r-devel-linux-x86_64-debian-clang | 2.0-1 | 51.56 | 522.06 | 573.62 | OK | |
r-devel-linux-x86_64-debian-gcc | 2.0-1 | 33.45 | 352.30 | 385.75 | NOTE | |
r-devel-linux-x86_64-fedora-clang | 2.0-1 | 995.04 | OK | |||
r-devel-linux-x86_64-fedora-gcc | 2.0-1 | 904.19 | OK | |||
r-devel-windows-x86_64 | 2.0-1 | 55.00 | 457.00 | 512.00 | OK | |
r-patched-linux-x86_64 | 2.0-1 | 62.56 | 503.40 | 565.96 | OK | |
r-release-linux-x86_64 | 2.0-1 | 54.17 | 505.63 | 559.80 | OK | |
r-release-macos-arm64 | 2.0-1 | 264.00 | OK | |||
r-release-macos-x86_64 | 253.00 | OK | ||||
r-release-windows-x86_64 | 2.0-1 | 52.00 | 480.00 | 532.00 | OK | |
r-oldrel-macos-arm64 | 2.0-1 | 263.00 | OK | |||
r-oldrel-macos-x86_64 | 2.0-1 | 463.00 | OK | |||
r-oldrel-windows-x86_64 | 2.0-1 | 72.00 | 585.00 | 657.00 | OK |
Version: 2.0-1
Check: HTML version of manual
Result: NOTE
Found the following HTML validation problems:
hasNext.html:46:1 (hasNext.Rd:10): Warning: missing </ul> before </div>
hasNext.iter.html:48:1 (hasNext.iter.Rd:10): Warning: missing </ul> before </div>
loop.mcmc.html:50:1 (loop.mcmc.Rd:12): Warning: missing </ul> before </div>
mcmcLoop.html:62:1 (mcmcLoop.Rd:18): Warning: missing </ul> before </div>
nextStep.html:46:1 (nextStep.Rd:10): Warning: missing </ul> before </div>
print.mcmc.html:52:1 (print.mcmc.Rd:12): Warning: missing </ul> before </div>
resetLoop.html:46:1 (resetLoop.Rd:10): Warning: missing </ul> before </div>
setTxtProgressBar2.html:58:1 (setTxtProgressBar2.Rd:16): Warning: missing </ul> before </div>
summary.mcmc.html:53:1 (summary.mcmc.Rd:12): Warning: missing </ul> before </div>
txtProgressBar2.html:84:1 (txtProgressBar2.Rd:33): Warning: missing </ul> before </div>
Flavor: r-devel-linux-x86_64-debian-gcc