CRAN Package Check Results for Package lg

Last updated on 2025-10-21 09:48:36 CEST.

Flavor Version Tinstall Tcheck Ttotal Status Flags
r-devel-linux-x86_64-debian-clang 0.4.1 3.44 45.09 48.53 OK
r-devel-linux-x86_64-debian-gcc 0.4.1 2.89 32.41 35.30 NOTE
r-devel-linux-x86_64-fedora-clang 0.4.1 78.88 OK
r-devel-linux-x86_64-fedora-gcc 0.4.1 68.87 OK
r-devel-windows-x86_64 0.4.1 7.00 64.00 71.00 OK
r-patched-linux-x86_64 0.4.1 4.98 41.39 46.37 OK
r-release-linux-x86_64 0.4.1 4.15 41.90 46.05 OK
r-release-macos-arm64 0.4.1 23.00 OK
r-release-macos-x86_64 0.4.1 37.00 OK
r-release-windows-x86_64 0.4.1 8.00 65.00 73.00 OK
r-oldrel-macos-arm64 0.4.1 23.00 NOTE
r-oldrel-macos-x86_64 0.4.1 37.00 NOTE
r-oldrel-windows-x86_64 0.4.1 10.00 76.00 86.00 NOTE

Check Details

Version: 0.4.1
Check: HTML version of manual
Result: NOTE Found the following HTML validation problems: accept_reject.html:93:1 (accept_reject.Rd:36): Warning: missing </ul> before </div> check_bw_bivariate.html:47:1 (check_bw_bivariate.Rd:10): Warning: missing </ul> before </div> check_bw_method.html:47:1 (check_bw_method.Rd:10): Warning: missing </ul> before </div> check_bw_trivariate.html:47:1 (check_bw_trivariate.Rd:10): Warning: missing </ul> before </div> check_data.html:58:1 (check_data.Rd:14): Warning: missing </ul> before </div> check_dmvnorm_arguments.html:67:1 (check_dmvnorm_arguments.Rd:20): Warning: missing </ul> before </div> check_est_method.html:47:1 (check_est_method.Rd:10): Warning: missing </ul> before </div> check_lg.html:46:1 (check_lg.Rd:10): Warning: missing </ul> before </div> ci_test.html:97:1 (ci_test.Rd:40): Warning: missing </ul> before </div> ci_test_statistic.html:60:1 (ci_test_statistic.Rd:19): Warning: missing </ul> before </div> dmvnorm_wrapper_single.html:70:1 (dmvnorm_wrapper_single.Rd:22): Warning: missing </ul> before </div> gradient.html:52:1 (gradient.Rd:13): Warning: missing </ul> before </div> ind_teststat.html:58:1 (ind_teststat.Rd:16): Warning: missing </ul> before </div> interpolate_conditional_density.html:71:1 (interpolate_conditional_density.Rd:25): Warning: missing </ul> before </div> make_C.html:56:1 (make_C.Rd:15): Warning: missing </ul> before </div> replicate_under_ci.html:81:1 (replicate_under_ci.Rd:30): Warning: missing </ul> before </div> Flavor: r-devel-linux-x86_64-debian-gcc

Version: 0.4.1
Check: LazyData
Result: NOTE 'LazyData' is specified without a 'data' directory Flavors: r-oldrel-macos-arm64, r-oldrel-macos-x86_64, r-oldrel-windows-x86_64