Last updated on 2025-10-21 09:48:36 CEST.
Flavor | Version | Tinstall | Tcheck | Ttotal | Status | Flags |
---|---|---|---|---|---|---|
r-devel-linux-x86_64-debian-clang | 2.2.5 | 10.39 | 25.63 | 36.02 | OK | |
r-devel-linux-x86_64-debian-gcc | 2.2.5 | 7.22 | 20.61 | 27.83 | NOTE | |
r-devel-linux-x86_64-fedora-clang | 2.2.5 | 62.50 | OK | |||
r-devel-linux-x86_64-fedora-gcc | 2.2.5 | 52.77 | OK | |||
r-devel-windows-x86_64 | 2.2.5 | 16.00 | 59.00 | 75.00 | OK | |
r-patched-linux-x86_64 | 2.2.5 | 9.35 | 23.88 | 33.23 | OK | |
r-release-linux-x86_64 | 2.2.5 | 9.70 | 23.91 | 33.61 | OK | |
r-release-macos-arm64 | 2.2.5 | 46.00 | OK | |||
r-release-macos-x86_64 | 2.2.5 | 61.00 | OK | |||
r-release-windows-x86_64 | 2.2.5 | 19.00 | 61.00 | 80.00 | OK | |
r-oldrel-macos-arm64 | 2.2.5 | 42.00 | NOTE | |||
r-oldrel-macos-x86_64 | 2.2.5 | 57.00 | NOTE | |||
r-oldrel-windows-x86_64 | 2.2.5 | 22.00 | 71.00 | 93.00 | NOTE |
Version: 2.2.5
Check: top-level files
Result: NOTE
Found the following validation problem for the NEWS.Rd HTML conversion:
NEWS.html:639:1 (inst/NEWS.Rd:324): Warning: missing </ul> before </div>
NEWS.html:65:1 (inst/NEWS.Rd:30): Warning: <h4> anchor "Changed" already defined
NEWS.html:86:1 (inst/NEWS.Rd:40): Warning: <h4> anchor "Fixed" already defined
NEWS.html:98:1 (inst/NEWS.Rd:46): Warning: <h4> anchor "Changed" already defined
NEWS.html:113:1 (inst/NEWS.Rd:54): Warning: <h4> anchor "Fixed" already defined
NEWS.html:125:1 (inst/NEWS.Rd:60): Warning: <h4> anchor "Changed" already defined
NEWS.html:140:1 (inst/NEWS.Rd:68): Warning: <h4> anchor "Changed" already defined
NEWS.html:164:1 (inst/NEWS.Rd:81): Warning: <h4> anchor "Fixed" already defined
NEWS.html:177:1 (inst/NEWS.Rd:88): Warning: <h4> anchor "Changed" already defined
NEWS.html:196:1 (inst/NEWS.Rd:99): Warning: <h4> anchor "Added" already defined
NEWS.html:213:1 (inst/NEWS.Rd:109): Warning: <h4> anchor "Changed" already defined
NEWS.html:248:1 (inst/NEWS.Rd:125): Warning: <h4> anchor "Changed" already defined
NEWS.html:267:1 (inst/NEWS.Rd:135): Warning: <h4> anchor "Changed" already defined
NEWS.html:284:1 (inst/NEWS.Rd:145): Warning: <h4> anchor "Changed" already defined
NEWS.html:307:1 (inst/NEWS.Rd:157): Warning: <h4> anchor "Fixed" already defined
NEWS.html:321:1 (inst/NEWS.Rd:163): Warning: <h4> anchor "Changed" already defined
NEWS.html:332:1 (inst/NEWS.Rd:168): Warning: <h4> anchor "Added" already defined
NEWS.html:354:1 (inst/NEWS.Rd:179): Warning: <h4> anchor "Fixed" already defined
NEWS.html:366:1 (inst/NEWS.Rd:185): Warning: <h4> anchor "Added" already defined
NEWS.html:385:1 (inst/NEWS.Rd:195): Warning: <h4> anchor "Added" already defined
NEWS.html:403:1 (inst/NEWS.Rd:203): Warning: <h4> anchor "Changed" already defined
NEWS.html:428:1 (inst/NEWS.Rd:215): Warning: <h4> anchor "Added" already defined
NEWS.html:443:1 (inst/NEWS.Rd:223): Warning: <h4> anchor "Changed" already defined
NEWS.html:461:1 (inst/NEWS.Rd:234): Warning: <h4> anchor "Added" already defined
NEWS.html:473:1 (inst/NEWS.Rd:240): Warning: <h4> anchor "Fixed" already defined
NEWS.html:488:1 (inst/NEWS.Rd:248): Warning: <h4> anchor "Changed" already defined
NEWS.html:505:1 (inst/NEWS.Rd:258): Warning: <h4> anchor "Added" already defined
NEWS.html:517:1 (inst/NEWS.Rd:264): Warning: <h4> anchor "Changed" already defined
NEWS.html:540:1 (inst/NEWS.Rd:277): Warning: <h4> anchor "Added" already defined
NEWS.html:554:1 (inst/NEWS.Rd:285): Warning: <h4> anchor "Changed" already defined
NEWS.html:573:1 (inst/NEWS.Rd:295): Warning: <h4> anchor "Fixed" already defined
NEWS.html:585:1 (inst/NEWS.Rd:301): Warning: <h4> anchor "Added" already defined
NEWS.html:607:1 (inst/NEWS.Rd:311): Warning: <h4> anchor "Changed" already defined
NEWS.html:625:1 (inst/NEWS.Rd:320): Warning: <h4> anchor "Added" already defined
Flavor: r-devel-linux-x86_64-debian-gcc
Version: 2.2.5
Check: for GNU extensions in Makefiles
Result: NOTE
GNU make is a SystemRequirements.
Flavors: r-oldrel-macos-arm64, r-oldrel-macos-x86_64, r-oldrel-windows-x86_64