Last updated on 2025-10-21 09:48:36 CEST.
Flavor | Version | Tinstall | Tcheck | Ttotal | Status | Flags |
---|---|---|---|---|---|---|
r-devel-linux-x86_64-debian-clang | 0.2.0 | 3.21 | 38.95 | 42.16 | OK | |
r-devel-linux-x86_64-debian-gcc | 0.2.0 | 2.40 | 28.82 | 31.22 | NOTE | |
r-devel-linux-x86_64-fedora-clang | 0.2.0 | 64.79 | OK | |||
r-devel-linux-x86_64-fedora-gcc | 0.2.0 | 57.52 | OK | |||
r-devel-windows-x86_64 | 0.2.0 | 5.00 | 60.00 | 65.00 | OK | |
r-patched-linux-x86_64 | 0.2.0 | 3.15 | 35.31 | 38.46 | OK | |
r-release-linux-x86_64 | 0.2.0 | 2.73 | 35.13 | 37.86 | OK | |
r-release-macos-arm64 | 0.2.0 | 21.00 | OK | |||
r-release-macos-x86_64 | 0.2.0 | 49.00 | OK | |||
r-release-windows-x86_64 | 0.2.0 | 5.00 | 60.00 | 65.00 | OK | |
r-oldrel-macos-arm64 | 0.2.0 | 23.00 | OK | |||
r-oldrel-macos-x86_64 | 0.2.0 | 32.00 | OK | |||
r-oldrel-windows-x86_64 | 0.2.0 | 6.00 | 70.00 | 76.00 | OK |
Version: 0.2.0
Check: HTML version of manual
Result: NOTE
Found the following HTML validation problems:
adjust_x_axis_plot.html:50:1 (adjust_x_axis_plot.Rd:12): Warning: missing </ul> before </div>
helper_data_protocol.html:83:1 (helper_data_protocol.Rd:33): Warning: missing </ul> before </div>
helper_dmax_dmax.html:54:1 (helper_dmax_dmax.Rd:14): Warning: missing </ul> before </div>
helper_dmax_exp_dmax.html:54:1 (helper_dmax_exp_dmax.Rd:14): Warning: missing </ul> before </div>
helper_dmax_log_exp_moddmax.html:60:1 (helper_dmax_log_exp_moddmax.Rd:18): Warning: missing </ul> before </div>
helper_dmax_log_poly_moddmax.html:60:1 (helper_dmax_log_poly_moddmax.Rd:18): Warning: missing </ul> before </div>
helper_dmax_moddmax.html:54:1 (helper_dmax_moddmax.Rd:14): Warning: missing </ul> before </div>
helper_last_length_step.html:46:1 (helper_last_length_step.Rd:10): Warning: missing </ul> before </div>
helper_render_table.html:50:1 (helper_render_table.Rd:12): Warning: missing </ul> before </div>
interpolate_intensity.html:50:1 (interpolate_intensity.Rd:12): Warning: missing </ul> before </div>
lactate_threshold.html:133:1 (lactate_threshold.Rd:85): Warning: <h5> anchor "Dmax" already defined
Flavor: r-devel-linux-x86_64-debian-gcc