Last updated on 2025-10-21 09:48:36 CEST.
Flavor | Version | Tinstall | Tcheck | Ttotal | Status | Flags |
---|---|---|---|---|---|---|
r-devel-linux-x86_64-debian-clang | 1.0.0 | 5.82 | 107.80 | 113.62 | OK | |
r-devel-linux-x86_64-debian-gcc | 1.0.0 | 4.48 | 73.35 | 77.83 | NOTE | |
r-devel-linux-x86_64-fedora-clang | 1.0.0 | 187.78 | OK | |||
r-devel-linux-x86_64-fedora-gcc | 1.0.0 | 167.34 | OK | |||
r-devel-windows-x86_64 | 1.0.0 | 9.00 | 112.00 | 121.00 | OK | |
r-patched-linux-x86_64 | 1.0.0 | 6.49 | 101.80 | 108.29 | OK | |
r-release-linux-x86_64 | 1.0.0 | 6.42 | 102.49 | 108.91 | OK | |
r-release-macos-arm64 | 1.0.0 | 45.00 | OK | |||
r-release-macos-x86_64 | 1.0.0 | 99.00 | OK | |||
r-release-windows-x86_64 | 1.0.0 | 10.00 | 113.00 | 123.00 | OK | |
r-oldrel-macos-arm64 | 1.0.0 | 38.00 | OK | |||
r-oldrel-macos-x86_64 | 1.0.0 | 74.00 | OK | |||
r-oldrel-windows-x86_64 | 1.0.0 | 12.00 | 144.00 | 156.00 | OK |
Version: 1.0.0
Check: HTML version of manual
Result: NOTE
Found the following HTML validation problems:
build_kronos_formula.html:54:1 (build_kronos_formula.Rd:14): Warning: missing </ul> before </div>
fit_cosinor_model.html:68:1 (fit_cosinor_model.Rd:24): Warning: missing </ul> before </div>
fit_groupwise_model.html:62:1 (fit_groupwise_model.Rd:18): Warning: missing </ul> before </div>
get_cos_sine.html:54:1 (get_cos_sine.Rd:14): Warning: missing </ul> before </div>
get_vars.html:58:1 (get_vars.Rd:16): Warning: missing </ul> before </div>
kronos_anova.html:50:1 (kronos_anova.Rd:12): Warning: missing </ul> before </div>
kronos_predict.html:62:1 (kronos_predict.Rd:18): Warning: missing </ul> before </div>
pairwise_cosinor_model.html:58:1 (pairwise_cosinor_model.Rd:16): Warning: missing </ul> before </div>
Flavor: r-devel-linux-x86_64-debian-gcc