Last updated on 2025-10-21 09:48:36 CEST.
Flavor | Version | Tinstall | Tcheck | Ttotal | Status | Flags |
---|---|---|---|---|---|---|
r-devel-linux-x86_64-debian-clang | 2022.10-17 | 13.01 | 33.52 | 46.53 | OK | |
r-devel-linux-x86_64-debian-gcc | 2022.10-17 | 8.14 | 25.90 | 34.04 | NOTE | |
r-devel-linux-x86_64-fedora-clang | 2022.10-17 | 90.91 | OK | |||
r-devel-linux-x86_64-fedora-gcc | 2022.10-17 | 67.97 | OK | |||
r-devel-windows-x86_64 | 2022.10-17 | 17.00 | 75.00 | 92.00 | OK | |
r-patched-linux-x86_64 | 2022.10-17 | 11.72 | 32.99 | 44.71 | OK | |
r-release-linux-x86_64 | 2022.10-17 | 11.34 | 32.88 | 44.22 | OK | |
r-release-macos-arm64 | 2022.10-17 | 27.00 | OK | |||
r-release-macos-x86_64 | 2022.10-17 | 52.00 | OK | |||
r-release-windows-x86_64 | 2022.10-17 | 18.00 | 73.00 | 91.00 | OK | |
r-oldrel-macos-arm64 | 2022.10-17 | 26.00 | OK | |||
r-oldrel-macos-x86_64 | 2022.10-17 | 39.00 | OK | |||
r-oldrel-windows-x86_64 | 2022.10-17 | 17.00 | 86.00 | 103.00 | OK |
Version: 2022.10-17
Check: HTML version of manual
Result: NOTE
Found the following HTML validation problems:
chi.norm.html:56:1 (chi.norm.Rd:20): Warning: missing </ul> before </div>
profile_HMM.html:67:1 (profile_HMM.Rd:26): Warning: missing </ul> before </div>
sim.liu.html:63:1 (sim.liu.Rd:25): Warning: missing </ul> before </div>
Flavor: r-devel-linux-x86_64-debian-gcc