Last updated on 2025-10-21 09:48:36 CEST.
Flavor | Version | Tinstall | Tcheck | Ttotal | Status | Flags |
---|---|---|---|---|---|---|
r-devel-linux-x86_64-debian-clang | 0.12-14 | 6.78 | 45.28 | 52.06 | NOTE | |
r-devel-linux-x86_64-debian-gcc | 0.12-14 | 4.49 | 33.62 | 38.11 | NOTE | |
r-devel-linux-x86_64-fedora-clang | 0.12-14 | 81.05 | NOTE | |||
r-devel-linux-x86_64-fedora-gcc | 0.12-14 | 70.05 | NOTE | |||
r-devel-windows-x86_64 | 0.12-14 | 7.00 | 64.00 | 71.00 | NOTE | |
r-patched-linux-x86_64 | 0.12-14 | 6.99 | 42.28 | 49.27 | NOTE | |
r-release-linux-x86_64 | 0.12-14 | 6.08 | 42.97 | 49.05 | NOTE | |
r-release-macos-arm64 | 0.12-14 | 25.00 | NOTE | |||
r-release-macos-x86_64 | 0.12-14 | 47.00 | NOTE | |||
r-release-windows-x86_64 | 0.12-14 | 8.00 | 62.00 | 70.00 | NOTE | |
r-oldrel-macos-arm64 | 0.12-14 | 25.00 | NOTE | |||
r-oldrel-macos-x86_64 | 0.12-14 | 37.00 | NOTE | |||
r-oldrel-windows-x86_64 | 0.12-14 | 10.00 | 74.00 | 84.00 | NOTE |
Version: 0.12-14
Check: Rd files
Result: NOTE
checkRd: (-1) klausuR.answ-class.Rd:17: Lost braces in \itemize; meant \describe ?
checkRd: (-1) klausuR.answ-class.Rd:18-22: Lost braces in \itemize; meant \describe ?
checkRd: (-1) klausuR.answ-class.Rd:23-24: Lost braces in \itemize; meant \describe ?
checkRd: (-1) klausuR.answ-class.Rd:34: Lost braces in \itemize; meant \describe ?
checkRd: (-1) klausuR.answ-class.Rd:35: Lost braces in \itemize; meant \describe ?
checkRd: (-1) klausuR.answ-class.Rd:36-37: Lost braces in \itemize; meant \describe ?
checkRd: (-1) klausur.Rd:107-109: Lost braces in \itemize; meant \describe ?
checkRd: (-1) klausur.Rd:110-111: Lost braces in \itemize; meant \describe ?
checkRd: (-1) klausur.Rd:112-113: Lost braces in \itemize; meant \describe ?
checkRd: (-1) klausur.Rd:114-116: Lost braces in \itemize; meant \describe ?
checkRd: (-1) klausur.Rd:117-118: Lost braces in \itemize; meant \describe ?
checkRd: (-1) klausur.Rd:119-120: Lost braces in \itemize; meant \describe ?
checkRd: (-1) klausur.Rd:121-123: Lost braces in \itemize; meant \describe ?
checkRd: (-1) klausur.Rd:124-126: Lost braces in \itemize; meant \describe ?
checkRd: (-1) klausur.Rd:147: Lost braces in \itemize; meant \describe ?
checkRd: (-1) klausur.Rd:148: Lost braces in \itemize; meant \describe ?
checkRd: (-1) klausur.Rd:149: Lost braces in \itemize; meant \describe ?
checkRd: (-1) klausur.Rd:150: Lost braces in \itemize; meant \describe ?
checkRd: (-1) klausur.Rd:151: Lost braces in \itemize; meant \describe ?
checkRd: (-1) klausur.Rd:152-155: Lost braces in \itemize; meant \describe ?
Flavors: r-devel-linux-x86_64-debian-clang, r-devel-linux-x86_64-debian-gcc, r-devel-linux-x86_64-fedora-clang, r-devel-linux-x86_64-fedora-gcc, r-devel-windows-x86_64, r-patched-linux-x86_64, r-release-linux-x86_64, r-release-macos-arm64, r-release-macos-x86_64, r-release-windows-x86_64, r-oldrel-macos-arm64, r-oldrel-macos-x86_64, r-oldrel-windows-x86_64
Version: 0.12-14
Check: top-level files
Result: NOTE
Found the following validation problem for the NEWS.Rd HTML conversion:
NEWS.html:55:1 (inst/NEWS.Rd:19): Warning: <h4> anchor "fixed" already defined
NEWS.html:69:1 (inst/NEWS.Rd:25): Warning: <h4> anchor "changed" already defined
NEWS.html:103:1 (inst/NEWS.Rd:41): Warning: <h4> anchor "changed" already defined
NEWS.html:124:1 (inst/NEWS.Rd:50): Warning: <h4> anchor "added" already defined
NEWS.html:155:1 (inst/NEWS.Rd:65): Warning: <h4> anchor "fixed" already defined
NEWS.html:203:1 (inst/NEWS.Rd:89): Warning: <h4> anchor "changed" already defined
NEWS.html:238:1 (inst/NEWS.Rd:104): Warning: <h4> anchor "fixed" already defined
NEWS.html:258:1 (inst/NEWS.Rd:114): Warning: <h4> anchor "changed" already defined
NEWS.html:274:1 (inst/NEWS.Rd:122): Warning: <h4> anchor "fixed" already defined
NEWS.html:289:1 (inst/NEWS.Rd:129): Warning: <h4> anchor "added" already defined
NEWS.html:307:1 (inst/NEWS.Rd:137): Warning: <h4> anchor "fixed" already defined
Flavor: r-devel-linux-x86_64-debian-gcc
Version: 0.12-14
Check: package dependencies
Result: NOTE
Package which this enhances but not available for checking: ‘rkward’
Flavors: r-oldrel-macos-arm64, r-oldrel-macos-x86_64, r-oldrel-windows-x86_64