Last updated on 2025-10-21 09:48:36 CEST.
Flavor | Version | Tinstall | Tcheck | Ttotal | Status | Flags |
---|---|---|---|---|---|---|
r-devel-linux-x86_64-debian-clang | 1.4.1 | 16.12 | 33.65 | 49.77 | OK | |
r-devel-linux-x86_64-debian-gcc | 1.4.1 | 11.83 | 25.61 | 37.44 | NOTE | |
r-devel-linux-x86_64-fedora-clang | 1.4.1 | 78.67 | OK | |||
r-devel-linux-x86_64-fedora-gcc | 1.4.1 | 68.09 | OK | |||
r-devel-windows-x86_64 | 1.4.1 | 42.00 | 53.00 | 95.00 | OK | |
r-patched-linux-x86_64 | 1.4.1 | 14.55 | 30.53 | 45.08 | OK | |
r-release-linux-x86_64 | 1.4.1 | 14.52 | 30.54 | 45.06 | OK | |
r-release-macos-arm64 | 1.4.1 | 27.00 | OK | |||
r-release-macos-x86_64 | 1.4.1 | 54.00 | OK | |||
r-release-windows-x86_64 | 1.4.1 | 50.00 | 55.00 | 105.00 | OK | |
r-oldrel-macos-arm64 | 1.4.1 | 33.00 | OK | |||
r-oldrel-macos-x86_64 | 1.4.1 | 58.00 | OK | |||
r-oldrel-windows-x86_64 | 1.4.1 | 54.00 | 62.00 | 116.00 | OK |
Version: 1.4.1
Check: HTML version of manual
Result: NOTE
Found the following HTML validation problems:
b_wincred_decode_auto.html:48:1 (b_wincred_decode_auto.Rd:11): Warning: missing </ul> before </div>
b_wincred_get.html:75:1 (b_wincred_get.Rd:24): Warning: missing </ul> before </div>
b_wincred_set_with_raw_value.html:94:1 (b_wincred_set_with_raw_value.Rd:39): Warning: missing </ul> before </div>
Flavor: r-devel-linux-x86_64-debian-gcc