Last updated on 2025-10-21 09:48:36 CEST.
Flavor | Version | Tinstall | Tcheck | Ttotal | Status | Flags |
---|---|---|---|---|---|---|
r-devel-linux-x86_64-debian-clang | 0.1.8 | 4.31 | 57.45 | 61.76 | OK | |
r-devel-linux-x86_64-debian-gcc | 0.1.8 | 2.95 | 40.28 | 43.23 | NOTE | |
r-devel-linux-x86_64-fedora-clang | 0.1.8 | 97.91 | OK | |||
r-devel-linux-x86_64-fedora-gcc | 0.1.8 | 97.96 | OK | |||
r-devel-windows-x86_64 | 0.1.8 | 6.00 | 71.00 | 77.00 | OK | |
r-patched-linux-x86_64 | 0.1.8 | 4.60 | 51.06 | 55.66 | OK | |
r-release-linux-x86_64 | 0.1.8 | 3.44 | 51.35 | 54.79 | OK | |
r-release-macos-arm64 | 0.1.8 | 36.00 | OK | |||
r-release-macos-x86_64 | 0.1.8 | 70.00 | OK | |||
r-release-windows-x86_64 | 0.1.8 | 6.00 | 72.00 | 78.00 | OK | |
r-oldrel-macos-arm64 | 0.1.8 | 38.00 | OK | |||
r-oldrel-macos-x86_64 | 0.1.8 | 77.00 | OK | |||
r-oldrel-windows-x86_64 | 0.1.8 | 8.00 | 87.00 | 95.00 | OK |
Version: 0.1.8
Check: HTML version of manual
Result: NOTE
Found the following HTML validation problems:
rename-keys-scoped.html:67:1 (rename-keys-scoped.Rd:25): Warning: missing </ul> before </div>
Flavor: r-devel-linux-x86_64-debian-gcc