Last updated on 2025-10-21 09:48:36 CEST.
Flavor | Version | Tinstall | Tcheck | Ttotal | Status | Flags |
---|---|---|---|---|---|---|
r-devel-linux-x86_64-debian-clang | 2.16.0 | 23.14 | 222.85 | 245.99 | OK | |
r-devel-linux-x86_64-debian-gcc | 2.16.0 | 15.21 | 160.56 | 175.77 | NOTE | |
r-devel-linux-x86_64-fedora-clang | 2.16.0 | 381.06 | OK | |||
r-devel-linux-x86_64-fedora-gcc | 2.16.0 | 346.37 | OK | |||
r-devel-windows-x86_64 | 2.16.0 | 29.00 | 295.00 | 324.00 | OK | |
r-patched-linux-x86_64 | 2.16.0 | 35.64 | 209.57 | 245.21 | OK | |
r-release-linux-x86_64 | 2.16.0 | 19.75 | 208.49 | 228.24 | OK | |
r-release-macos-arm64 | 2.16.0 | 123.00 | OK | |||
r-release-macos-x86_64 | 2.16.0 | 235.00 | OK | |||
r-release-windows-x86_64 | 2.16.0 | 28.00 | 292.00 | 320.00 | OK | |
r-oldrel-macos-arm64 | 2.16.0 | 125.00 | OK | |||
r-oldrel-macos-x86_64 | 2.16.0 | 245.00 | NOTE | |||
r-oldrel-windows-x86_64 | 2.16.0 | 35.00 | 337.00 | 372.00 | OK |
Version: 2.16.0
Check: HTML version of manual
Result: NOTE
Found the following HTML validation problems:
application_nasnet.html:163:1 (application_nasnet.Rd:98): Warning: missing </ul> before </div>
clone_model.html:69:1 (clone_model.Rd:27): Warning: missing </ul> before </div>
generator_next.html:52:1 (generator_next.Rd:13): Warning: missing </ul> before </div>
image_data_generator.html:184:1 (image_data_generator.Rd:94): Warning: missing </ul> before </div>
loss_cosine_proximity.html:47:1 (loss_cosine_proximity.Rd:10): Warning: missing </ul> before </div>
metric_cosine_proximity.html:55:1 (metric_cosine_proximity.Rd:12): Warning: missing </ul> before </div>
plot.keras_training_history.html:85:1 (plot.keras_training_history.Rd:36): Warning: missing </ul> before </div>
regularizer_l1.html:58:1 (regularizer_l1.Rd:20): Warning: missing </ul> before </div>
sequential_model_input_layer.html:100:1 (sequential_model_input_layer.Rd:48): Warning: missing </ul> before </div>
Flavor: r-devel-linux-x86_64-debian-gcc
Version: 2.16.0
Check: installed package size
Result: NOTE
installed size is 5.1Mb
sub-directories of 1Mb or more:
doc 2.0Mb
help 2.1Mb
Flavor: r-oldrel-macos-x86_64