Last updated on 2025-10-21 09:48:36 CEST.
Flavor | Version | Tinstall | Tcheck | Ttotal | Status | Flags |
---|---|---|---|---|---|---|
r-devel-linux-x86_64-debian-clang | 1.2.7 | 10.55 | 194.89 | 205.44 | OK | |
r-devel-linux-x86_64-debian-gcc | 1.2.7 | 6.46 | 131.54 | 138.00 | NOTE | |
r-devel-linux-x86_64-fedora-clang | 1.2.7 | 324.89 | OK | |||
r-devel-linux-x86_64-fedora-gcc | 1.2.7 | 295.74 | OK | |||
r-devel-windows-x86_64 | 1.2.7 | 13.00 | 210.00 | 223.00 | OK | |
r-patched-linux-x86_64 | 1.2.7 | 10.46 | 185.69 | 196.15 | OK | |
r-release-linux-x86_64 | 1.2.7 | 8.79 | 185.57 | 194.36 | OK | |
r-release-macos-arm64 | 1.2.7 | 105.00 | OK | |||
r-release-macos-x86_64 | 1.2.7 | 193.00 | OK | |||
r-release-windows-x86_64 | 1.2.7 | 13.00 | 207.00 | 220.00 | OK | |
r-oldrel-macos-arm64 | 1.2.7 | 104.00 | NOTE | |||
r-oldrel-macos-x86_64 | 1.2.7 | 203.00 | NOTE | |||
r-oldrel-windows-x86_64 | 1.2.7 | 15.00 | 272.00 | 287.00 | NOTE |
Version: 1.2.7
Check: HTML version of manual
Result: NOTE
Found the following HTML validation problems:
base_block.html:78:1 (base_block.Rd:26): Warning: missing </ul> before </div>
base_ribbon.html:58:1 (base_ribbon.Rd:16): Warning: missing </ul> before </div>
create_G.html:50:1 (create_G.Rd:12): Warning: missing </ul> before </div>
dmvnorm.html:54:1 (dmvnorm.Rd:14): Warning: missing </ul> before </div>
formula.to.structure.html:55:1 (formula.to.structure.Rd:14): Warning: missing </ul> before </div>
ginv.html:46:1 (ginv.Rd:10): Warning: missing </ul> before </div>
rmvnorm.html:54:1 (rmvnorm.Rd:14): Warning: missing </ul> before </div>
var_decomp.html:46:1 (var_decomp.Rd:10): Warning: missing </ul> before </div>
Flavor: r-devel-linux-x86_64-debian-gcc
Version: 1.2.7
Check: installed package size
Result: NOTE
installed size is 10.8Mb
sub-directories of 1Mb or more:
doc 9.9Mb
Flavors: r-oldrel-macos-arm64, r-oldrel-macos-x86_64, r-oldrel-windows-x86_64