Last updated on 2025-10-21 09:48:36 CEST.
Flavor | Version | Tinstall | Tcheck | Ttotal | Status | Flags |
---|---|---|---|---|---|---|
r-devel-linux-x86_64-debian-clang | 2.1.0 | 10.72 | 154.93 | 165.65 | OK | |
r-devel-linux-x86_64-debian-gcc | 2.1.0 | 7.37 | 107.87 | 115.24 | NOTE | |
r-devel-linux-x86_64-fedora-clang | 2.1.0 | 262.50 | OK | |||
r-devel-linux-x86_64-fedora-gcc | 2.1.0 | 256.61 | OK | |||
r-devel-windows-x86_64 | 2.1.0 | 15.00 | 150.00 | 165.00 | OK | |
r-patched-linux-x86_64 | 2.1.0 | 10.66 | 145.78 | 156.44 | OK | |
r-release-linux-x86_64 | 2.1.0 | 9.90 | 148.36 | 158.26 | OK | |
r-release-macos-arm64 | 2.1.0 | 109.00 | OK | |||
r-release-macos-x86_64 | 2.1.0 | 170.00 | OK | |||
r-release-windows-x86_64 | 2.1.0 | 14.00 | 168.00 | 182.00 | OK | |
r-oldrel-macos-arm64 | 2.1.0 | 77.00 | OK | |||
r-oldrel-macos-x86_64 | 2.1.0 | 192.00 | OK | |||
r-oldrel-windows-x86_64 | 2.1.0 | 19.00 | 207.00 | 226.00 | OK |
Version: 2.1.0
Check: HTML version of manual
Result: NOTE
Found the following HTML validation problems:
cut_off.html:46:1 (cut_off.Rd:10): Warning: missing </ul> before </div>
is_mesh.html:48:1 (is_mesh.Rd:14): Warning: missing </ul> before </div>
Flavor: r-devel-linux-x86_64-debian-gcc