CRAN Package Check Results for Package jcext

Last updated on 2025-10-21 09:48:35 CEST.

Flavor Version Tinstall Tcheck Ttotal Status Flags
r-devel-linux-x86_64-debian-clang 0.1.1 7.46 80.65 88.11 NOTE
r-devel-linux-x86_64-debian-gcc 0.1.1 5.48 55.72 61.20 NOTE
r-devel-linux-x86_64-fedora-clang 0.1.1 135.15 OK
r-devel-linux-x86_64-fedora-gcc 0.1.1 121.00 OK
r-devel-windows-x86_64 0.1.1 9.00 89.00 98.00 OK
r-patched-linux-x86_64 0.1.1 6.59 76.87 83.46 OK
r-release-linux-x86_64 0.1.1 6.71 76.91 83.62 OK
r-release-macos-arm64 0.1.1 45.00 OK
r-release-macos-x86_64 0.1.1 71.00 OK
r-release-windows-x86_64 0.1.1 9.00 89.00 98.00 OK
r-oldrel-macos-arm64 0.1.1 38.00 OK
r-oldrel-macos-x86_64 0.1.1 61.00 OK
r-oldrel-windows-x86_64 0.1.1 12.00 111.00 123.00 OK

Check Details

Version: 0.1.1
Check: CRAN incoming feasibility
Result: NOTE Maintainer: ‘Noelia Otero <noeli1680@gmail.com>’ No Authors@R field in DESCRIPTION. Please add one, modifying Authors@R: person(given = "Noelia", family = "Otero", role = c("aut", "cre"), email = "noeli1680@gmail.com") as necessary. Flavors: r-devel-linux-x86_64-debian-clang, r-devel-linux-x86_64-debian-gcc

Version: 0.1.1
Check: HTML version of manual
Result: NOTE Found the following HTML validation problems: add_date.html:50:1 (add_date.Rd:12): Warning: missing </ul> before </div> calculate_constant.html:50:1 (calculate_constant.Rd:12): Warning: missing </ul> before </div> calculate_frequency.html:55:1 (calculate_frequency.Rd:14): Warning: missing </ul> before </div> get_div.html:50:1 (get_div.Rd:12): Warning: missing </ul> before </div> getmat_cwt.html:58:1 (getmat_cwt.Rd:16): Warning: missing </ul> before </div> getname_hyb.html:46:1 (getname_hyb.Rd:10): Warning: missing </ul> before </div> isnot_validcp.html:54:1 (isnot_validcp.Rd:14): Warning: missing </ul> before </div> Flavor: r-devel-linux-x86_64-debian-gcc