Last updated on 2025-10-21 09:48:35 CEST.
Flavor | Version | Tinstall | Tcheck | Ttotal | Status | Flags |
---|---|---|---|---|---|---|
r-devel-linux-x86_64-debian-clang | 2.3.0 | 19.24 | 70.86 | 90.10 | NOTE | |
r-devel-linux-x86_64-debian-gcc | 2.3.0 | 12.52 | 50.68 | 63.20 | NOTE | |
r-devel-linux-x86_64-fedora-clang | 2.3.0 | 138.46 | OK | |||
r-devel-linux-x86_64-fedora-gcc | 2.3.0 | 123.69 | OK | |||
r-devel-windows-x86_64 | 2.3.0 | 21.00 | 97.00 | 118.00 | OK | |
r-patched-linux-x86_64 | 2.3.0 | 16.63 | 66.11 | 82.74 | OK | |
r-release-linux-x86_64 | 2.3.0 | 18.62 | 66.49 | 85.11 | OK | |
r-release-macos-arm64 | 2.3.0 | 44.00 | OK | |||
r-release-macos-x86_64 | 2.3.0 | 106.00 | OK | |||
r-release-windows-x86_64 | 2.3.0 | 22.00 | 95.00 | 117.00 | OK | |
r-oldrel-macos-arm64 | 2.3.0 | 41.00 | OK | |||
r-oldrel-macos-x86_64 | 2.3.0 | 62.00 | OK | |||
r-oldrel-windows-x86_64 | 2.3.0 | 27.00 | 119.00 | 146.00 | OK |
Version: 2.3.0
Check: CRAN incoming feasibility
Result: NOTE
Maintainer: ‘Arvid Sjolander <arvid.sjolander@ki.se>’
No Authors@R field in DESCRIPTION.
Please add one, modifying
Authors@R: c(person(given = "Arvid",
family = "Sjolander",
role = c("aut", "cre"),
email = "arvid.sjolander@ki.se"),
person(given = "Elisabeth",
family = "Dahlqwist",
role = "aut"),
person(given = "Torben",
family = "Martinussen",
role = "aut"))
as necessary.
Flavors: r-devel-linux-x86_64-debian-clang, r-devel-linux-x86_64-debian-gcc
Version: 2.3.0
Check: top-level files
Result: NOTE
Found the following validation problem for the NEWS.Rd HTML conversion:
NEWS.html:63:1 (inst/NEWS.Rd:23): Warning: missing </ul> before </div>
Flavor: r-devel-linux-x86_64-debian-gcc