Last updated on 2025-10-21 09:48:35 CEST.
Flavor | Version | Tinstall | Tcheck | Ttotal | Status | Flags |
---|---|---|---|---|---|---|
r-devel-linux-x86_64-debian-clang | 0.3.2 | 3.83 | 33.76 | 37.59 | OK | |
r-devel-linux-x86_64-debian-gcc | 0.3.2 | 2.64 | 25.34 | 27.98 | NOTE | |
r-devel-linux-x86_64-fedora-clang | 0.3.2 | 52.79 | OK | |||
r-devel-linux-x86_64-fedora-gcc | 0.3.2 | 48.56 | OK | |||
r-devel-windows-x86_64 | 0.3.2 | 4.00 | 111.00 | 115.00 | OK | |
r-patched-linux-x86_64 | 0.3.2 | 3.87 | 30.40 | 34.27 | OK | |
r-release-linux-x86_64 | 0.3.2 | 3.48 | 30.35 | 33.83 | OK | |
r-release-macos-arm64 | 0.3.2 | 67.00 | OK | |||
r-release-macos-x86_64 | 0.3.2 | 105.00 | OK | |||
r-release-windows-x86_64 | 0.3.2 | 6.00 | 133.00 | 139.00 | OK | |
r-oldrel-macos-arm64 | 0.3.2 | 104.00 | OK | |||
r-oldrel-macos-x86_64 | 0.3.2 | 88.00 | OK | |||
r-oldrel-windows-x86_64 | 0.3.2 | 7.00 | 124.00 | 131.00 | OK |
Version: 0.3.2
Check: HTML version of manual
Result: NOTE
Found the following HTML validation problems:
AmericanSoccerAnalysis.html:1213:1 (AmericanSoccerAnalysis.Rd:623): Warning: missing </ul> before </div>
AmericanSoccerAnalysis.html:185:1 (AmericanSoccerAnalysis.Rd:90): Warning: <h5> anchor "Usage" already defined
AmericanSoccerAnalysis.html:191:1 (AmericanSoccerAnalysis.Rd:94): Warning: <h5> anchor "Arguments" already defined
AmericanSoccerAnalysis.html:214:1 (AmericanSoccerAnalysis.Rd:107): Warning: <h5> anchor "Usage" already defined
AmericanSoccerAnalysis.html:230:1 (AmericanSoccerAnalysis.Rd:117): Warning: <h5> anchor "Usage" already defined
AmericanSoccerAnalysis.html:236:1 (AmericanSoccerAnalysis.Rd:121): Warning: <h5> anchor "Arguments" already defined
AmericanSoccerAnalysis.html:263:1 (AmericanSoccerAnalysis.Rd:138): Warning: <h5> anchor "Usage" already defined
AmericanSoccerAnalysis.html:269:1 (AmericanSoccerAnalysis.Rd:142): Warning: <h5> anchor "Arguments" already defined
AmericanSoccerAnalysis.html:296:1 (AmericanSoccerAnalysis.Rd:159): Warning: <h5> anchor "Usage" already defined
AmericanSoccerAnalysis.html:302:1 (AmericanSoccerAnalysis.Rd:163): Warning: <h5> anchor "Arguments" already defined
AmericanSoccerAnalysis.html:329:1 (AmericanSoccerAnalysis.Rd:180): Warning: <h5> anchor "Usage" already defined
AmericanSoccerAnalysis.html:335:1 (AmericanSoccerAnalysis.Rd:184): Warning: <h5> anchor "Arguments" already defined
AmericanSoccerAnalysis.html:362:1 (AmericanSoccerAnalysis.Rd:201): Warning: <h5> anchor "Usage" already defined
AmericanSoccerAnalysis.html:368:1 (AmericanSoccerAnalysis.Rd:205): Warning: <h5> anchor "Arguments" already defined
AmericanSoccerAnalysis.html:395:1 (AmericanSoccerAnalysis.Rd:222): Warning: <h5> anchor "Usage" already defined
AmericanSoccerAnalysis.html:408:1 (AmericanSoccerAnalysis.Rd:233): Warning: <h5> anchor "Arguments" already defined
AmericanSoccerAnalysis.html:441:1 (AmericanSoccerAnalysis.Rd:256): Warning: <h5> anchor "Usage" already defined
AmericanSoccerAnalysis.html:447:1 (AmericanSoccerAnalysis.Rd:260): Warning: <h5> anchor "Arguments" already defined
AmericanSoccerAnalysis.html:523:1 (AmericanSoccerAnalysis.Rd:293): Warning: <h5> anchor "Usage" already defined
AmericanSoccerAnalysis.html:529:1 (AmericanSoccerAnalysis.Rd:297): Warning: <h5> anchor "Arguments" already defined
AmericanSoccerAnalysis.html:602:1 (AmericanSoccerAnalysis.Rd:329): Warning: <h5> anchor "Usage" already defined
AmericanSoccerAnalysis.html:608:1 (AmericanSoccerAnalysis.Rd:333): Warning: <h5> anchor "Arguments" already defined
AmericanSoccerAnalysis.html:681:1 (AmericanSoccerAnalysis.Rd:365): Warning: <h5> anchor "Usage" already defined
AmericanSoccerAnalysis.html:687:1 (AmericanSoccerAnalysis.Rd:369): Warning: <h5> anchor "Arguments" already defined
AmericanSoccerAnalysis.html:739:1 (AmericanSoccerAnalysis.Rd:394): Warning: <h5> anchor "Usage" already defined
AmericanSoccerAnalysis.html:745:1 (AmericanSoccerAnalysis.Rd:398): Warning: <h5> anchor "Arguments" already defined
AmericanSoccerAnalysis.html:815:1 (AmericanSoccerAnalysis.Rd:429): Warning: <h5> anchor "Usage" already defined
AmericanSoccerAnalysis.html:821:1 (AmericanSoccerAnalysis.Rd:433): Warning: <h5> anchor "Arguments" already defined
AmericanSoccerAnalysis.html:891:1 (AmericanSoccerAnalysis.Rd:464): Warning: <h5> anchor "Usage" already defined
AmericanSoccerAnalysis.html:897:1 (AmericanSoccerAnalysis.Rd:468): Warning: <h5> anchor "Arguments" already defined
AmericanSoccerAnalysis.html:964:1 (AmericanSoccerAnalysis.Rd:498): Warning: <h5> anchor "Usage" already defined
AmericanSoccerAnalysis.html:970:1 (AmericanSoccerAnalysis.Rd:502): Warning: <h5> anchor "Arguments" already defined
AmericanSoccerAnalysis.html:1031:1 (AmericanSoccerAnalysis.Rd:530): Warning: <h5> anchor "Usage" already defined
AmericanSoccerAnalysis.html:1037:1 (AmericanSoccerAnalysis.Rd:534): Warning: <h5> anchor "Arguments" already defined
AmericanSoccerAnalysis.html:1089:1 (AmericanSoccerAnalysis.Rd:559): Warning: <h5> anchor "Usage" already defined
AmericanSoccerAnalysis.html:1095:1 (AmericanSoccerAnalysis.Rd:563): Warning: <h5> anchor "Arguments" already defined
AmericanSoccerAnalysis.html:1141:1 (AmericanSoccerAnalysis.Rd:586): Warning: <h5> anchor "Usage" already defined
AmericanSoccerAnalysis.html:1147:1 (AmericanSoccerAnalysis.Rd:590): Warning: <h5> anchor "Arguments" already defined
AmericanSoccerAnalysis.html:1190:1 (AmericanSoccerAnalysis.Rd:612): Warning: <h5> anchor "Usage" already defined
AmericanSoccerAnalysis.html:1196:1 (AmericanSoccerAnalysis.Rd:616): Warning: <h5> anchor "Arguments" already defined
Flavor: r-devel-linux-x86_64-debian-gcc