CRAN Package Check Results for Package ipfr

Last updated on 2025-10-21 09:48:35 CEST.

Flavor Version Tinstall Tcheck Ttotal Status Flags
r-devel-linux-x86_64-debian-clang 1.0.2 4.92 138.26 143.18 OK
r-devel-linux-x86_64-debian-gcc 1.0.2 3.75 99.47 103.22 NOTE
r-devel-linux-x86_64-fedora-clang 1.0.2 213.32 OK
r-devel-linux-x86_64-fedora-gcc 1.0.2 215.69 OK
r-devel-windows-x86_64 1.0.2 6.00 129.00 135.00 OK
r-patched-linux-x86_64 1.0.2 5.18 133.43 138.61 OK
r-release-linux-x86_64 1.0.2 5.08 130.99 136.07 OK
r-release-macos-arm64 1.0.2 64.00 OK
r-release-macos-x86_64 1.0.2 136.00 OK
r-release-windows-x86_64 1.0.2 9.00 131.00 140.00 OK
r-oldrel-macos-arm64 1.0.2 65.00 NOTE
r-oldrel-macos-x86_64 1.0.2 102.00 NOTE
r-oldrel-windows-x86_64 1.0.2 9.00 177.00 186.00 NOTE

Check Details

Version: 1.0.2
Check: HTML version of manual
Result: NOTE Found the following HTML validation problems: create_target_priority.html:69:1 (create_target_priority.Rd:27): Warning: missing </ul> before </div> process_seed_table.html:59:1 (process_seed_table.Rd:16): Warning: missing </ul> before </div> Flavor: r-devel-linux-x86_64-debian-gcc

Version: 1.0.2
Check: LazyData
Result: NOTE 'LazyData' is specified without a 'data' directory Flavors: r-oldrel-macos-arm64, r-oldrel-macos-x86_64, r-oldrel-windows-x86_64