Last updated on 2025-10-21 09:48:35 CEST.
Flavor | Version | Tinstall | Tcheck | Ttotal | Status | Flags |
---|---|---|---|---|---|---|
r-devel-linux-x86_64-debian-clang | 1.0.0 | 21.05 | 30.08 | 51.13 | NOTE | |
r-devel-linux-x86_64-debian-gcc | 1.0.0 | 16.95 | 23.76 | 40.71 | NOTE | |
r-devel-linux-x86_64-fedora-clang | 1.0.0 | 87.33 | OK | |||
r-devel-linux-x86_64-fedora-gcc | 1.0.0 | 83.84 | OK | |||
r-devel-windows-x86_64 | 1.0.0 | 25.00 | 60.00 | 85.00 | OK | |
r-patched-linux-x86_64 | 1.0.0 | 22.85 | 27.51 | 50.36 | OK | |
r-release-linux-x86_64 | 1.0.0 | 21.42 | 27.51 | 48.93 | OK | |
r-release-macos-arm64 | 1.0.0 | 25.00 | OK | |||
r-release-macos-x86_64 | 1.0.0 | 46.00 | OK | |||
r-release-windows-x86_64 | 1.0.0 | 26.00 | 64.00 | 90.00 | OK | |
r-oldrel-macos-arm64 | 1.0.0 | 26.00 | OK | |||
r-oldrel-macos-x86_64 | 1.0.0 | 38.00 | OK | |||
r-oldrel-windows-x86_64 | 1.0.0 | 25.00 | 77.00 | 102.00 | OK |
Version: 1.0.0
Check: CRAN incoming feasibility
Result: NOTE
Maintainer: ‘Stéphane Laurent <laurent_step@outlook.fr>’
No Authors@R field in DESCRIPTION.
Please add one, modifying
Authors@R: person(given = "Stéphane",
family = "Laurent",
role = c("aut", "cre"),
email = "laurent_step@outlook.fr")
as necessary.
Flavors: r-devel-linux-x86_64-debian-clang, r-devel-linux-x86_64-debian-gcc
Version: 1.0.0
Check: HTML version of manual
Result: NOTE
Found the following HTML validation problems:
intmap.html:156:1 (intmap.Rd:260): Warning: <h5> anchor "Usage" already defined
intmap.html:162:1 (intmap.Rd:264): Warning: <h5> anchor "Arguments" already defined
intmap.html:185:1 (intmap.Rd:277): Warning: <h5> anchor "Usage" already defined
intmap.html:191:1 (intmap.Rd:281): Warning: <h5> anchor "Returns" already defined
intmap.html:198:1 (intmap.Rd:284): Warning: <h5> anchor "Examples" already defined
intmap.html:220:1 (intmap.Rd:301): Warning: <h5> anchor "Usage" already defined
intmap.html:226:1 (intmap.Rd:305): Warning: <h5> anchor "Returns" already defined
intmap.html:233:1 (intmap.Rd:308): Warning: <h5> anchor "Examples" already defined
intmap.html:255:1 (intmap.Rd:325): Warning: <h5> anchor "Usage" already defined
intmap.html:261:1 (intmap.Rd:329): Warning: <h5> anchor "Returns" already defined
intmap.html:268:1 (intmap.Rd:332): Warning: <h5> anchor "Examples" already defined
intmap.html:290:1 (intmap.Rd:349): Warning: <h5> anchor "Usage" already defined
intmap.html:296:1 (intmap.Rd:353): Warning: <h5> anchor "Returns" already defined
intmap.html:303:1 (intmap.Rd:356): Warning: <h5> anchor "Examples" already defined
intmap.html:325:1 (intmap.Rd:373): Warning: <h5> anchor "Usage" already defined
intmap.html:331:1 (intmap.Rd:377): Warning: <h5> anchor "Returns" already defined
intmap.html:338:1 (intmap.Rd:380): Warning: <h5> anchor "Examples" already defined
intmap.html:360:1 (intmap.Rd:397): Warning: <h5> anchor "Usage" already defined
intmap.html:366:1 (intmap.Rd:401): Warning: <h5> anchor "Arguments" already defined
intmap.html:379:1 (intmap.Rd:408): Warning: <h5> anchor "Returns" already defined
intmap.html:388:1 (intmap.Rd:413): Warning: <h5> anchor "Examples" already defined
intmap.html:413:1 (intmap.Rd:433): Warning: <h5> anchor "Usage" already defined
intmap.html:419:1 (intmap.Rd:437): Warning: <h5> anchor "Arguments" already defined
intmap.html:434:1 (intmap.Rd:446): Warning: <h5> anchor "Returns" already defined
intmap.html:442:1 (intmap.Rd:450): Warning: <h5> anchor "Examples" already defined
intmap.html:465:1 (intmap.Rd:468): Warning: <h5> anchor "Usage" already defined
intmap.html:471:1 (intmap.Rd:472): Warning: <h5> anchor "Arguments" already defined
intmap.html:484:1 (intmap.Rd:479): Warning: <h5> anchor "Returns" already defined
intmap.html:491:1 (intmap.Rd:482): Warning: <h5> anchor "Examples" already defined
intmap.html:514:1 (intmap.Rd:500): Warning: <h5> anchor "Usage" already defined
intmap.html:520:1 (intmap.Rd:504): Warning: <h5> anchor "Arguments" already defined
intmap.html:541:1 (intmap.Rd:519): Warning: <h5> anchor "Returns" already defined
intmap.html:549:1 (intmap.Rd:523): Warning: <h5> anchor "Examples" already defined
intmap.html:579:1 (intmap.Rd:548): Warning: <h5> anchor "Usage" already defined
intmap.html:585:1 (intmap.Rd:552): Warning: <h5> anchor "Arguments" already defined
intmap.html:598:1 (intmap.Rd:559): Warning: <h5> anchor "Returns" already defined
intmap.html:605:1 (intmap.Rd:562): Warning: <h5> anchor "Examples" already defined
intmap.html:628:1 (intmap.Rd:580): Warning: <h5> anchor "Usage" already defined
intmap.html:634:1 (intmap.Rd:584): Warning: <h5> anchor "Arguments" already defined
intmap.html:650:1 (intmap.Rd:594): Warning: <h5> anchor "Returns" already defined
intmap.html:660:1 (intmap.Rd:600): Warning: <h5> anchor "Examples" already defined
intmap.html:684:1 (intmap.Rd:619): Warning: <h5> anchor "Usage" already defined
intmap.html:690:1 (intmap.Rd:623): Warning: <h5> anchor "Arguments" already defined
intmap.html:708:1 (intmap.Rd:635): Warning: <h5> anchor "Returns" already defined
intmap.html:720:1 (intmap.Rd:643): Warning: <h5> anchor "Examples" already defined
intmap.html:748:1 (intmap.Rd:666): Warning: <h5> anchor "Usage" already defined
intmap.html:754:1 (intmap.Rd:670): Warning: <h5> anchor "Arguments" already defined
intmap.html:768:1 (intmap.Rd:678): Warning: <h5> anchor "Returns" already defined
intmap.html:775:1 (intmap.Rd:681): Warning: <h5> anchor "Examples" already defined
intmap.html:800:1 (intmap.Rd:701): Warning: <h5> anchor "Usage" already defined
intmap.html:806:1 (intmap.Rd:705): Warning: <h5> anchor "Arguments" already defined
intmap.html:819:1 (intmap.Rd:712): Warning: <h5> anchor "Returns" already defined
intmap.html:828:1 (intmap.Rd:717): Warning: <h5> anchor "Examples" already defined
intmap.html:854:1 (intmap.Rd:738): Warning: <h5> anchor "Usage" already defined
intmap.html:860:1 (intmap.Rd:742): Warning: <h5> anchor "Returns" already defined
intmap.html:867:1 (intmap.Rd:745): Warning: <h5> anchor "Examples" already defined
Flavor: r-devel-linux-x86_64-debian-gcc