Last updated on 2025-02-21 09:50:47 CET.
Flavor | Version | Tinstall | Tcheck | Ttotal | Status | Flags |
---|---|---|---|---|---|---|
r-devel-linux-x86_64-debian-clang | 1.0.7 | 1.73 | 18.09 | 19.82 | OK | |
r-devel-linux-x86_64-debian-gcc | 1.0.7 | 1.54 | 14.88 | 16.42 | OK | |
r-devel-linux-x86_64-fedora-clang | 1.0.7 | 32.26 | OK | |||
r-devel-linux-x86_64-fedora-gcc | 1.0.7 | 30.96 | OK | |||
r-devel-macos-arm64 | 1.0.7 | 15.00 | OK | |||
r-devel-macos-x86_64 | 1.0.7 | 23.00 | OK | |||
r-devel-windows-x86_64 | 1.0.7 | 4.00 | 49.00 | 53.00 | OK | |
r-patched-linux-x86_64 | 1.0.7 | 1.93 | 17.39 | 19.32 | NOTE | |
r-release-linux-x86_64 | 1.0.7 | 1.82 | 17.78 | 19.60 | NOTE | |
r-release-macos-arm64 | 1.0.7 | 14.00 | NOTE | |||
r-release-macos-x86_64 | 1.0.7 | 23.00 | NOTE | |||
r-release-windows-x86_64 | 1.0.7 | 3.00 | 40.00 | 43.00 | NOTE | |
r-oldrel-macos-arm64 | 1.0.7 | 18.00 | NOTE | |||
r-oldrel-macos-x86_64 | 1.0.7 | 20.00 | NOTE | |||
r-oldrel-windows-x86_64 | 1.0.7 | 5.00 | 40.00 | 45.00 | NOTE |
Version: 1.0.7
Check: package dependencies
Result: NOTE
Package which this enhances but not available for checking: ‘gurobi’
Flavors: r-patched-linux-x86_64, r-release-linux-x86_64, r-release-macos-arm64, r-release-macos-x86_64, r-release-windows-x86_64, r-oldrel-macos-arm64, r-oldrel-macos-x86_64, r-oldrel-windows-x86_64