Last updated on 2025-02-21 09:50:47 CET.
Flavor | Version | Tinstall | Tcheck | Ttotal | Status | Flags |
---|---|---|---|---|---|---|
r-devel-linux-x86_64-debian-clang | 0.1 | 7.88 | 70.89 | 78.77 | NOTE | |
r-devel-linux-x86_64-debian-gcc | 0.1 | 5.81 | 53.25 | 59.06 | NOTE | |
r-devel-linux-x86_64-fedora-clang | 0.1 | 120.10 | NOTE | |||
r-devel-linux-x86_64-fedora-gcc | 0.1 | 129.95 | NOTE | |||
r-devel-macos-arm64 | 0.1 | 45.00 | NOTE | |||
r-devel-macos-x86_64 | 0.1 | 93.00 | NOTE | |||
r-devel-windows-x86_64 | 0.1 | 10.00 | 84.00 | 94.00 | NOTE | |
r-patched-linux-x86_64 | 0.1 | 7.89 | 67.07 | 74.96 | NOTE | |
r-release-linux-x86_64 | 0.1 | 6.61 | 66.82 | 73.43 | NOTE | |
r-release-macos-arm64 | 0.1 | 43.00 | NOTE | |||
r-release-macos-x86_64 | 0.1 | 68.00 | NOTE | |||
r-release-windows-x86_64 | 0.1 | 10.00 | 87.00 | 97.00 | NOTE | |
r-oldrel-macos-arm64 | 0.1 | 45.00 | OK | |||
r-oldrel-macos-x86_64 | 0.1 | 74.00 | OK | |||
r-oldrel-windows-x86_64 | 0.1 | 10.00 | 118.00 | 128.00 | OK |
Version: 0.1
Check: Rd files
Result: NOTE
checkRd: (-1) make_likelihood_matrix.Rd:16: Lost braces; missing escapes or markup?
16 | This function creates a matrix such that P[t, s] = P(C = t | I = s) = theta_{t-s} for s <= t and 0 otherwise.
| ^
Flavors: r-devel-linux-x86_64-debian-clang, r-devel-linux-x86_64-debian-gcc, r-devel-linux-x86_64-fedora-clang, r-devel-linux-x86_64-fedora-gcc, r-devel-macos-arm64, r-devel-macos-x86_64, r-devel-windows-x86_64, r-patched-linux-x86_64, r-release-linux-x86_64, r-release-macos-arm64, r-release-macos-x86_64, r-release-windows-x86_64