CRAN Package Check Results for Package imageviewer

Last updated on 2025-10-21 09:48:35 CEST.

Flavor Version Tinstall Tcheck Ttotal Status Flags
r-devel-linux-x86_64-debian-clang 0.1.0 2.17 25.22 27.39 OK
r-devel-linux-x86_64-debian-gcc 0.1.0 1.93 20.79 22.72 NOTE
r-devel-linux-x86_64-fedora-clang 0.1.0 40.51 OK
r-devel-linux-x86_64-fedora-gcc 0.1.0 37.33 OK
r-devel-windows-x86_64 0.1.0 6.00 41.00 47.00 OK
r-patched-linux-x86_64 0.1.0 2.43 23.12 25.55 OK
r-release-linux-x86_64 0.1.0 1.76 23.31 25.07 OK
r-release-macos-arm64 0.1.0 20.00 OK
r-release-macos-x86_64 0.1.0 26.00 OK
r-release-windows-x86_64 0.1.0 6.00 44.00 50.00 OK
r-oldrel-macos-arm64 0.1.0 17.00 NOTE
r-oldrel-macos-x86_64 0.1.0 24.00 NOTE
r-oldrel-windows-x86_64 0.1.0 7.00 48.00 55.00 NOTE

Check Details

Version: 0.1.0
Check: HTML version of manual
Result: NOTE Found the following HTML validation problems: imageviewer-shiny.html:68:1 (imageviewer-shiny.Rd:25): Warning: missing </ul> before </div> Flavor: r-devel-linux-x86_64-debian-gcc

Version: 0.1.0
Check: LazyData
Result: NOTE 'LazyData' is specified without a 'data' directory Flavors: r-oldrel-macos-arm64, r-oldrel-macos-x86_64, r-oldrel-windows-x86_64