Last updated on 2025-10-21 09:48:35 CEST.
Flavor | Version | Tinstall | Tcheck | Ttotal | Status | Flags |
---|---|---|---|---|---|---|
r-devel-linux-x86_64-debian-clang | 0.3.3 | 2.31 | 31.80 | 34.11 | OK | |
r-devel-linux-x86_64-debian-gcc | 0.3.3 | 2.60 | 24.86 | 27.46 | NOTE | |
r-devel-linux-x86_64-fedora-clang | 0.3.3 | 55.21 | OK | |||
r-devel-linux-x86_64-fedora-gcc | 0.3.3 | 49.10 | OK | |||
r-devel-windows-x86_64 | 0.3.3 | 4.00 | 52.00 | 56.00 | OK | |
r-patched-linux-x86_64 | 0.3.3 | 3.59 | 29.59 | 33.18 | OK | |
r-release-linux-x86_64 | 0.3.3 | 3.24 | 29.97 | 33.21 | OK | |
r-release-macos-arm64 | 0.3.3 | 22.00 | OK | |||
r-release-macos-x86_64 | 0.3.3 | 34.00 | OK | |||
r-release-windows-x86_64 | 0.3.3 | 6.00 | 52.00 | 58.00 | OK | |
r-oldrel-macos-arm64 | 0.3.3 | 26.00 | OK | |||
r-oldrel-macos-x86_64 | 0.3.3 | 38.00 | OK | |||
r-oldrel-windows-x86_64 | 0.3.3 | 4.00 | 59.00 | 63.00 | OK |
Version: 0.3.3
Check: HTML version of manual
Result: NOTE
Found the following HTML validation problems:
addMargin.html:72:1 (addMargin.Rd:28): Warning: missing </ul> before </div>
Flavor: r-devel-linux-x86_64-debian-gcc