Last updated on 2025-10-21 09:48:35 CEST.
Flavor | Version | Tinstall | Tcheck | Ttotal | Status | Flags |
---|---|---|---|---|---|---|
r-devel-linux-x86_64-debian-clang | 0.2.1 | 25.01 | 117.11 | 142.12 | OK | |
r-devel-linux-x86_64-debian-gcc | 0.2.1 | 14.29 | 86.03 | 100.32 | NOTE | |
r-devel-linux-x86_64-fedora-clang | 0.2.1 | 236.64 | OK | |||
r-devel-linux-x86_64-fedora-gcc | 0.2.1 | 200.36 | OK | |||
r-devel-windows-x86_64 | 0.2.1 | 21.00 | 117.00 | 138.00 | OK | |
r-patched-linux-x86_64 | 0.2.1 | 19.75 | 112.89 | 132.64 | OK | |
r-release-linux-x86_64 | 0.2.1 | 21.15 | 111.68 | 132.83 | OK | |
r-release-macos-arm64 | 0.2.1 | 55.00 | OK | |||
r-release-macos-x86_64 | 0.2.1 | 130.00 | OK | |||
r-release-windows-x86_64 | 0.2.1 | 22.00 | 116.00 | 138.00 | OK | |
r-oldrel-macos-arm64 | 0.2.1 | 57.00 | OK | |||
r-oldrel-macos-x86_64 | 0.2.1 | 118.00 | OK | |||
r-oldrel-windows-x86_64 | 0.2.1 | 30.00 | 150.00 | 180.00 | OK |
Version: 0.2.1
Check: HTML version of manual
Result: NOTE
Found the following HTML validation problems:
ib-negbin-method.html:70:1 (ib-negbin-method.Rd:23): Warning: missing </ul> before </div>
simulation-betareg-method.html:60:1 (simulation-betareg-method.Rd:17): Warning: missing </ul> before </div>
simulation-glm-method.html:60:1 (simulation-glm-method.Rd:17): Warning: missing </ul> before </div>
simulation-glmerMod-method.html:56:1 (simulation-glmerMod-method.Rd:15): Warning: missing </ul> before </div>
simulation-lm-method.html:60:1 (simulation-lm-method.Rd:17): Warning: missing </ul> before </div>
simulation-lmerMod-method.html:56:1 (simulation-lmerMod-method.Rd:15): Warning: missing </ul> before </div>
simulation-negbin-method.html:60:1 (simulation-negbin-method.Rd:17): Warning: missing </ul> before </div>
simulation-nls-method.html:60:1 (simulation-nls-method.Rd:17): Warning: missing </ul> before </div>
simulation-vglm-method.html:60:1 (simulation-vglm-method.Rd:17): Warning: missing </ul> before </div>
summary-IbGlmer-method.html:52:1 (summary-IbGlmer-method.Rd:13): Warning: missing </ul> before </div>
summary-IbLmer-method.html:52:1 (summary-IbLmer-method.Rd:13): Warning: missing </ul> before </div>
summary-IbNls-method.html:52:1 (summary-IbNls-method.Rd:13): Warning: missing </ul> before </div>
summary-IbVglm-method.html:52:1 (summary-IbVglm-method.Rd:13): Warning: missing </ul> before </div>
Flavor: r-devel-linux-x86_64-debian-gcc