Last updated on 2025-10-21 09:48:35 CEST.
Flavor | Version | Tinstall | Tcheck | Ttotal | Status | Flags |
---|---|---|---|---|---|---|
r-devel-linux-x86_64-debian-clang | 0.4.3 | 15.96 | 111.05 | 127.01 | OK | |
r-devel-linux-x86_64-debian-gcc | 0.4.3 | 9.92 | 78.96 | 88.88 | NOTE | |
r-devel-linux-x86_64-fedora-clang | 0.4.3 | 198.52 | OK | |||
r-devel-linux-x86_64-fedora-gcc | 0.4.3 | 171.53 | OK | |||
r-devel-windows-x86_64 | 0.4.3 | 16.00 | 110.00 | 126.00 | OK | |
r-patched-linux-x86_64 | 0.4.3 | 13.72 | 106.46 | 120.18 | OK | |
r-release-linux-x86_64 | 0.4.3 | 14.95 | 104.83 | 119.78 | OK | |
r-release-macos-arm64 | 0.4.3 | 48.00 | OK | |||
r-release-macos-x86_64 | 0.4.3 | 84.00 | OK | |||
r-release-windows-x86_64 | 0.4.3 | 18.00 | 110.00 | 128.00 | OK | |
r-oldrel-macos-arm64 | 0.4.3 | 47.00 | OK | |||
r-oldrel-macos-x86_64 | 0.4.3 | 74.00 | OK | |||
r-oldrel-windows-x86_64 | 0.4.3 | 23.00 | 143.00 | 166.00 | OK |
Version: 0.4.3
Check: HTML version of manual
Result: NOTE
Found the following HTML validation problems:
print.bootfit.html:51:1 (print.bootfit.Rd:12): Warning: missing </ul> before </div>
print.outfit.html:51:1 (print.outfit.Rd:12): Warning: missing </ul> before </div>
Flavor: r-devel-linux-x86_64-debian-gcc