Last updated on 2025-10-21 09:48:35 CEST.
Flavor | Version | Tinstall | Tcheck | Ttotal | Status | Flags |
---|---|---|---|---|---|---|
r-devel-linux-x86_64-debian-clang | 2.1.0 | 9.66 | 87.88 | 97.54 | OK | |
r-devel-linux-x86_64-debian-gcc | 2.1.0 | 5.73 | 60.69 | 66.42 | NOTE | |
r-devel-linux-x86_64-fedora-clang | 2.1.0 | 155.60 | OK | |||
r-devel-linux-x86_64-fedora-gcc | 2.1.0 | 137.59 | OK | |||
r-devel-windows-x86_64 | 2.1.0 | 10.00 | 91.00 | 101.00 | OK | |
r-patched-linux-x86_64 | 2.1.0 | 9.91 | 81.29 | 91.20 | OK | |
r-release-linux-x86_64 | 2.1.0 | 9.51 | 82.16 | 91.67 | OK | |
r-release-macos-arm64 | 2.1.0 | 46.00 | OK | |||
r-release-macos-x86_64 | 2.1.0 | 84.00 | OK | |||
r-release-windows-x86_64 | 2.1.0 | 11.00 | 92.00 | 103.00 | OK | |
r-oldrel-macos-arm64 | 2.1.0 | 43.00 | NOTE | |||
r-oldrel-macos-x86_64 | 2.1.0 | 125.00 | NOTE | |||
r-oldrel-windows-x86_64 | 2.1.0 | 15.00 | 119.00 | 134.00 | NOTE |
Version: 2.1.0
Check: HTML version of manual
Result: NOTE
Found the following HTML validation problems:
uStat11.diff.html:58:1 (uStat11.diff.Rd:18): Warning: missing </ul> before </div>
uStat11.identity.html:58:1 (uStat11.identity.Rd:18): Warning: missing </ul> before </div>
Flavor: r-devel-linux-x86_64-debian-gcc
Version: 2.1.0
Check: installed package size
Result: NOTE
installed size is 5.3Mb
sub-directories of 1Mb or more:
java 4.2Mb
Flavors: r-oldrel-macos-arm64, r-oldrel-macos-x86_64, r-oldrel-windows-x86_64