Last updated on 2025-02-21 09:50:46 CET.
Flavor | Version | Tinstall | Tcheck | Ttotal | Status | Flags |
---|---|---|---|---|---|---|
r-devel-linux-x86_64-debian-clang | 1.2.1 | 4.75 | 42.45 | 47.20 | NOTE | |
r-devel-linux-x86_64-debian-gcc | 1.2.1 | 3.77 | 35.83 | 39.60 | NOTE | |
r-devel-linux-x86_64-fedora-clang | 1.2.1 | 82.34 | OK | |||
r-devel-linux-x86_64-fedora-gcc | 1.2.1 | 74.89 | OK | |||
r-devel-macos-arm64 | 1.2.1 | 26.00 | OK | |||
r-devel-macos-x86_64 | 1.2.1 | 48.00 | OK | |||
r-devel-windows-x86_64 | 1.2.1 | 9.00 | 67.00 | 76.00 | NOTE | |
r-patched-linux-x86_64 | 1.2.1 | 8.62 | 41.64 | 50.26 | OK | |
r-release-linux-x86_64 | 1.2.1 | 4.61 | 42.06 | 46.67 | OK | |
r-release-macos-arm64 | 1.2.1 | 26.00 | OK | |||
r-release-macos-x86_64 | 1.2.1 | 65.00 | OK | |||
r-release-windows-x86_64 | 1.2.1 | 8.00 | 64.00 | 72.00 | OK | |
r-oldrel-macos-arm64 | 1.2.1 | 30.00 | OK | |||
r-oldrel-macos-x86_64 | 1.2.1 | 53.00 | OK | |||
r-oldrel-windows-x86_64 | 1.2.1 | 10.00 | 111.00 | 121.00 | OK |
Version: 1.2.1
Check: Rd cross-references
Result: NOTE
Found the following Rd file(s) with Rd \link{} targets missing package
anchors:
hyper.fit.Rd: LaplaceApproximation, LaplacesDemon
Please provide package anchors for all Rd \link{} targets not in the
package itself and the base packages.
Flavors: r-devel-linux-x86_64-debian-clang, r-devel-linux-x86_64-debian-gcc, r-devel-windows-x86_64