Last updated on 2025-10-21 09:48:35 CEST.
Flavor | Version | Tinstall | Tcheck | Ttotal | Status | Flags |
---|---|---|---|---|---|---|
r-devel-linux-x86_64-debian-clang | 1.4.7 | 7.54 | 52.13 | 59.67 | NOTE | |
r-devel-linux-x86_64-debian-gcc | 1.4.7 | 4.86 | 38.24 | 43.10 | NOTE | |
r-devel-linux-x86_64-fedora-clang | 1.4.7 | 86.25 | OK | |||
r-devel-linux-x86_64-fedora-gcc | 1.4.7 | 92.16 | OK | |||
r-devel-windows-x86_64 | 1.4.7 | 9.00 | 82.00 | 91.00 | OK | |
r-patched-linux-x86_64 | 1.4.7 | 7.65 | 48.05 | 55.70 | NOTE | |
r-release-linux-x86_64 | 1.4.7 | 6.95 | 48.53 | 55.48 | NOTE | |
r-release-macos-arm64 | 1.4.7 | 55.00 | OK | |||
r-release-macos-x86_64 | 1.4.7 | 97.00 | OK | |||
r-release-windows-x86_64 | 1.4.7 | 10.00 | 82.00 | 92.00 | OK | |
r-oldrel-macos-arm64 | 1.4.7 | 53.00 | OK | |||
r-oldrel-macos-x86_64 | 1.4.7 | 93.00 | OK | |||
r-oldrel-windows-x86_64 | 1.4.7 | 14.00 | 91.00 | 105.00 | OK |
Version: 1.4.7
Check: for unstated dependencies in ‘demo’
Result: NOTE
'::' or ':::' import not declared from: ‘rstudioapi’
Flavors: r-devel-linux-x86_64-debian-clang, r-devel-linux-x86_64-debian-gcc, r-patched-linux-x86_64, r-release-linux-x86_64
Version: 1.4.7
Check: HTML version of manual
Result: NOTE
Found the following HTML validation problems:
guess_media.html:46:1 (guess_media.Rd:10): Warning: missing </ul> before </div>
hmac_sha1.html:50:1 (hmac_sha1.Rd:12): Warning: missing </ul> before </div>
init_oauth1.0.html:70:1 (init_oauth1.0.Rd:26): Warning: missing </ul> before </div>
init_oauth2.0.html:144:1 (init_oauth2.0.Rd:86): Warning: missing </ul> before </div>
modify_url.html:62:1 (modify_url.Rd:23): Warning: missing </ul> before </div>
revoke_all.html:49:1 (revoke_all.Rd:11): Warning: missing </ul> before </div>
sha1_hash.html:54:1 (sha1_hash.Rd:14): Warning: missing </ul> before </div>
status_code.html:46:1 (status_code.Rd:10): Warning: missing </ul> before </div>
write_function.html:46:1 (write_function.Rd:10): Warning: missing </ul> before </div>
Flavor: r-devel-linux-x86_64-debian-gcc