Last updated on 2025-10-21 09:48:35 CEST.
Flavor | Version | Tinstall | Tcheck | Ttotal | Status | Flags |
---|---|---|---|---|---|---|
r-devel-linux-x86_64-debian-clang | 0.1.3 | 11.48 | 104.56 | 116.04 | OK | |
r-devel-linux-x86_64-debian-gcc | 0.1.3 | 7.19 | 75.87 | 83.06 | NOTE | |
r-devel-linux-x86_64-fedora-clang | 0.1.3 | 186.25 | OK | |||
r-devel-linux-x86_64-fedora-gcc | 0.1.3 | 180.29 | OK | |||
r-devel-windows-x86_64 | 0.1.3 | 12.00 | 109.00 | 121.00 | OK | |
r-patched-linux-x86_64 | 0.1.3 | 10.47 | 98.64 | 109.11 | OK | |
r-release-linux-x86_64 | 0.1.3 | 10.74 | 101.51 | 112.25 | OK | |
r-release-macos-arm64 | 0.1.3 | 53.00 | OK | |||
r-release-macos-x86_64 | 0.1.3 | 102.00 | OK | |||
r-release-windows-x86_64 | 0.1.3 | 12.00 | 108.00 | 120.00 | OK | |
r-oldrel-macos-arm64 | 0.1.3 | 54.00 | OK | |||
r-oldrel-macos-x86_64 | 0.1.3 | 150.00 | OK | |||
r-oldrel-windows-x86_64 | 0.1.3 | 16.00 | 139.00 | 155.00 | OK |
Version: 0.1.3
Check: HTML version of manual
Result: NOTE
Found the following HTML validation problems:
BOLD_Param_BayesGLM.html:48:1 (BOLD_Param_BayesGLM.Rd:15): Warning: missing </ul> before </div>
TR_Param_BayesGLM.html:40:1 (TR_Param_BayesGLM.Rd:7): Warning: missing </ul> before </div>
aic_Param.html:42:1 (aic_Param.Rd:9): Warning: missing </ul> before </div>
ar_order_Param.html:44:1 (ar_order_Param.Rd:11): Warning: missing </ul> before </div>
ar_smooth_Param.html:44:1 (ar_smooth_Param.Rd:11): Warning: missing </ul> before </div>
brainstructures_Param_BayesGLM.html:43:1 (brainstructures_Param_BayesGLM.Rd:10): Warning: missing </ul> before </div>
design_Param_BayesGLM.html:43:1 (design_Param_BayesGLM.Rd:10): Warning: missing </ul> before </div>
faces_Param.html:42:1 (faces_Param.Rd:9): Warning: missing </ul> before </div>
field_names_Param.html:40:1 (field_names_Param.Rd:7): Warning: missing </ul> before </div>
hpf_Param_BayesGLM.html:50:1 (hpf_Param_BayesGLM.Rd:17): Warning: missing </ul> before </div>
is_valid_one_design.html:46:1 (is_valid_one_design.Rd:10): Warning: missing </ul> before </div>
is_valid_one_nuisance.html:46:1 (is_valid_one_nuisance.Rd:10): Warning: missing </ul> before </div>
is_valid_one_scrub.html:46:1 (is_valid_one_scrub.Rd:10): Warning: missing </ul> before </div>
mask_Param_vertices.html:41:1 (mask_Param_vertices.Rd:8): Warning: missing </ul> before </div>
mean_var_Tol_Param.html:42:1 (mean_var_Tol_Param.Rd:9): Warning: missing </ul> before </div>
nuisance_Param_BayesGLM.html:52:1 (nuisance_Param_BayesGLM.Rd:19): Warning: missing </ul> before </div>
resamp_res_Param_BayesGLM.html:46:1 (resamp_res_Param_BayesGLM.Rd:13): Warning: missing </ul> before </div>
scale_BOLD_Param.html:50:1 (scale_BOLD_Param.Rd:12): Warning: missing </ul> before </div>
scrub_Param_BayesGLM.html:48:1 (scrub_Param_BayesGLM.Rd:15): Warning: missing </ul> before </div>
session_names_Param.html:43:1 (session_names_Param.Rd:10): Warning: missing </ul> before </div>
surfaces_Param_BayesGLM.html:47:1 (surfaces_Param_BayesGLM.Rd:14): Warning: missing </ul> before </div>
verbose_Param.html:42:1 (verbose_Param.Rd:9): Warning: missing </ul> before </div>
Flavor: r-devel-linux-x86_64-debian-gcc