Last updated on 2025-10-21 09:48:35 CEST.
Flavor | Version | Tinstall | Tcheck | Ttotal | Status | Flags |
---|---|---|---|---|---|---|
r-devel-linux-x86_64-debian-clang | 1.0.0 | 11.35 | 120.75 | 132.10 | OK | |
r-devel-linux-x86_64-debian-gcc | 1.0.0 | 6.35 | 81.70 | 88.05 | NOTE | |
r-devel-linux-x86_64-fedora-clang | 1.0.0 | 202.69 | OK | |||
r-devel-linux-x86_64-fedora-gcc | 1.0.0 | 198.89 | OK | |||
r-devel-windows-x86_64 | 1.0.0 | 13.00 | 144.00 | 157.00 | OK | |
r-patched-linux-x86_64 | 1.0.0 | 9.63 | 112.28 | 121.91 | OK | |
r-release-linux-x86_64 | 1.0.0 | 10.25 | 109.80 | 120.05 | OK | |
r-release-macos-arm64 | 1.0.0 | 86.00 | OK | |||
r-release-macos-x86_64 | 1.0.0 | 146.00 | OK | |||
r-release-windows-x86_64 | 1.0.0 | 13.00 | 144.00 | 157.00 | OK | |
r-oldrel-macos-arm64 | 1.0.0 | 88.00 | OK | |||
r-oldrel-macos-x86_64 | 1.0.0 | 116.00 | OK | |||
r-oldrel-windows-x86_64 | 1.0.0 | 19.00 | 175.00 | 194.00 | OK |
Version: 1.0.0
Check: HTML version of manual
Result: NOTE
Found the following HTML validation problems:
utils.html:75:1 (utils.Rd:33): Warning: missing </ul> before </div>
Flavor: r-devel-linux-x86_64-debian-gcc