CRAN Package Check Results for Package hipread

Last updated on 2025-10-21 09:48:35 CEST.

Flavor Version Tinstall Tcheck Ttotal Status Flags
r-devel-linux-x86_64-debian-clang 0.2.5 82.87 44.71 127.58 OK
r-devel-linux-x86_64-debian-gcc 0.2.5 55.36 32.80 88.16 NOTE
r-devel-linux-x86_64-fedora-clang 0.2.5 240.46 OK
r-devel-linux-x86_64-fedora-gcc 0.2.5 216.86 OK
r-devel-windows-x86_64 0.2.5 118.00 77.00 195.00 OK
r-patched-linux-x86_64 0.2.5 88.76 41.26 130.02 OK
r-release-linux-x86_64 0.2.5 85.74 41.79 127.53 OK
r-release-macos-arm64 0.2.5 63.00 OK
r-release-macos-x86_64 0.2.5 62.00 OK
r-release-windows-x86_64 0.2.5 123.00 78.00 201.00 OK
r-oldrel-macos-arm64 0.2.5 57.00 OK
r-oldrel-macos-x86_64 0.2.5 67.00 OK
r-oldrel-windows-x86_64 0.2.5 147.00 100.00 247.00 OK

Check Details

Version: 0.2.5
Check: HTML version of manual
Result: NOTE Found the following HTML validation problems: callback.html:598:1 (callback.Rd:350): Warning: missing </ul> before </div> callback.html:97:1 (callback.Rd:51): Warning: <h5> anchor "Usage" already defined callback.html:111:1 (callback.Rd:60): Warning: <h5> anchor "Usage" already defined callback.html:125:1 (callback.Rd:69): Warning: <h5> anchor "Usage" already defined callback.html:139:1 (callback.Rd:78): Warning: <h5> anchor "Usage" already defined callback.html:155:1 (callback.Rd:88): Warning: <h5> anchor "Usage" already defined callback.html:181:1 (callback.Rd:104): Warning: <h3> anchor "Methods" already defined callback.html:185:1 (callback.Rd:105): Warning: <h4> anchor "Public-methods" already defined callback.html:210:1 (callback.Rd:124): Warning: <h4> anchor "Method-+E2+80+98clone+28+29+E2+80+99" already defined callback.html:216:1 (callback.Rd:126): Warning: <h5> anchor "Usage" already defined callback.html:222:1 (callback.Rd:130): Warning: <h5> anchor "Arguments" already defined callback.html:242:1 (callback.Rd:142): Warning: <h3> anchor "Methods" already defined callback.html:246:1 (callback.Rd:143): Warning: <h4> anchor "Public-methods" already defined callback.html:277:1 (callback.Rd:162): Warning: <h4> anchor "Method-+E2+80+98new+28+29+E2+80+99" already defined callback.html:281:1 (callback.Rd:163): Warning: <h5> anchor "Usage" already defined callback.html:291:1 (callback.Rd:171): Warning: <h4> anchor "Method-+E2+80+98receive+28+29+E2+80+99" already defined callback.html:295:1 (callback.Rd:172): Warning: <h5> anchor "Usage" already defined callback.html:305:1 (callback.Rd:180): Warning: <h4> anchor "Method-+E2+80+98continue+28+29+E2+80+99" already defined callback.html:309:1 (callback.Rd:181): Warning: <h5> anchor "Usage" already defined callback.html:319:1 (callback.Rd:189): Warning: <h4> anchor "Method-+E2+80+98clone+28+29+E2+80+99" already defined callback.html:325:1 (callback.Rd:191): Warning: <h5> anchor "Usage" already defined callback.html:331:1 (callback.Rd:195): Warning: <h5> anchor "Arguments" already defined callback.html:345:1 (callback.Rd:204): Warning: <h3> anchor "Super-classes" already defined callback.html:351:1 (callback.Rd:207): Warning: <h3> anchor "Methods" already defined callback.html:355:1 (callback.Rd:208): Warning: <h4> anchor "Public-methods" already defined callback.html:388:1 (callback.Rd:227): Warning: <h4> anchor "Method-+E2+80+98new+28+29+E2+80+99" already defined callback.html:392:1 (callback.Rd:228): Warning: <h5> anchor "Usage" already defined callback.html:402:1 (callback.Rd:236): Warning: <h4> anchor "Method-+E2+80+98receive+28+29+E2+80+99" already defined callback.html:406:1 (callback.Rd:237): Warning: <h5> anchor "Usage" already defined callback.html:416:1 (callback.Rd:245): Warning: <h4> anchor "Method-+E2+80+98result+28+29+E2+80+99" already defined callback.html:420:1 (callback.Rd:246): Warning: <h5> anchor "Usage" already defined callback.html:430:1 (callback.Rd:254): Warning: <h4> anchor "Method-+E2+80+98finally+28+29+E2+80+99" already defined callback.html:434:1 (callback.Rd:255): Warning: <h5> anchor "Usage" already defined callback.html:444:1 (callback.Rd:263): Warning: <h4> anchor "Method-+E2+80+98clone+28+29+E2+80+99" already defined callback.html:450:1 (callback.Rd:265): Warning: <h5> anchor "Usage" already defined callback.html:456:1 (callback.Rd:269): Warning: <h5> anchor "Arguments" already defined callback.html:470:1 (callback.Rd:278): Warning: <h3> anchor "Super-classes" already defined callback.html:476:1 (callback.Rd:281): Warning: <h3> anchor "Methods" already defined callback.html:480:1 (callback.Rd:282): Warning: <h4> anchor "Public-methods" already defined callback.html:513:1 (callback.Rd:301): Warning: <h4> anchor "Method-+E2+80+98new+28+29+E2+80+99" already defined callback.html:517:1 (callback.Rd:302): Warning: <h5> anchor "Usage" already defined callback.html:527:1 (callback.Rd:310): Warning: <h4> anchor "Method-+E2+80+98receive+28+29+E2+80+99" already defined callback.html:531:1 (callback.Rd:311): Warning: <h5> anchor "Usage" already defined callback.html:541:1 (callback.Rd:319): Warning: <h4> anchor "Method-+E2+80+98result+28+29+E2+80+99" already defined callback.html:545:1 (callback.Rd:320): Warning: <h5> anchor "Usage" already defined callback.html:555:1 (callback.Rd:328): Warning: <h4> anchor "Method-+E2+80+98finally+28+29+E2+80+99" already defined callback.html:559:1 (callback.Rd:329): Warning: <h5> anchor "Usage" already defined callback.html:569:1 (callback.Rd:337): Warning: <h4> anchor "Method-+E2+80+98clone+28+29+E2+80+99" already defined callback.html:575:1 (callback.Rd:339): Warning: <h5> anchor "Usage" already defined callback.html:581:1 (callback.Rd:343): Warning: <h5> anchor "Arguments" already defined hipread_long_yield.html:182:1 (hipread_long_yield.Rd:139): Warning: <h5> anchor "Usage" already defined hipread_long_yield.html:196:1 (hipread_long_yield.Rd:148): Warning: <h5> anchor "Usage" already defined hipread_long_yield.html:210:1 (hipread_long_yield.Rd:157): Warning: <h5> anchor "Usage" already defined hipread_long_yield.html:223:1 (hipread_long_yield.Rd:166): Warning: <h3> anchor "Methods" already defined hipread_long_yield.html:227:1 (hipread_long_yield.Rd:167): Warning: <h4> anchor "Public-methods" already defined hipread_long_yield.html:252:1 (hipread_long_yield.Rd:184): Warning: <h4> anchor "Method-+E2+80+98new+28+29+E2+80+99" already defined hipread_long_yield.html:256:1 (hipread_long_yield.Rd:185): Warning: <h5> anchor "Usage" already defined hipread_long_yield.html:273:1 (hipread_long_yield.Rd:200): Warning: <h4> anchor "Method-+E2+80+98yield+28+29+E2+80+99" already defined hipread_long_yield.html:277:1 (hipread_long_yield.Rd:201): Warning: <h5> anchor "Usage" already defined hipread_long_yield.html:284:1 (hipread_long_yield.Rd:207): Warning: <h3> anchor "Super-class" already defined hipread_long_yield.html:290:1 (hipread_long_yield.Rd:210): Warning: <h3> anchor "Methods" already defined hipread_long_yield.html:294:1 (hipread_long_yield.Rd:211): Warning: <h4> anchor "Public-methods" already defined hipread_long_yield.html:319:1 (hipread_long_yield.Rd:228): Warning: <h4> anchor "Method-+E2+80+98new+28+29+E2+80+99" already defined hipread_long_yield.html:323:1 (hipread_long_yield.Rd:229): Warning: <h5> anchor "Usage" already defined hipread_long_yield.html:340:1 (hipread_long_yield.Rd:244): Warning: <h4> anchor "Method-+E2+80+98yield+28+29+E2+80+99" already defined hipread_long_yield.html:344:1 (hipread_long_yield.Rd:245): Warning: <h5> anchor "Usage" already defined Flavor: r-devel-linux-x86_64-debian-gcc